000
CDUS43 KLMK 250628
CLILEX


CLIMATE REPORT
NATIONAL WEATHER SERVICE LOUISVILLE KY
226 AM EDT SAT APR 25 2015


...................................

...THE LEXINGTON KY CLIMATE SUMMARY FOR APRIL 24 2015...

CLIMATE NORMAL PERIOD 1981 TO 2010
CLIMATE RECORD PERIOD 1872 TO 2015


WEATHER ITEM   OBSERVED TIME   RECORD YEAR NORMAL DEPARTURE LAST
                VALUE   (LST)  VALUE       VALUE  FROM      YEAR
                                                  NORMAL
..................................................................
TEMPERATURE (F)
 YESTERDAY
  MAXIMUM         61    439 PM  90    1925  69     -8       73
  MINIMUM         31    537 AM  28    1910  47    -16       47
  AVERAGE         46                        58    -12       60

PRECIPITATION (IN)
  YESTERDAY        0.00          2.38 1975   0.13  -0.13     0.00
  MONTH TO DATE   10.61                      2.79   7.82     2.03
  SINCE MAR 1     18.07                      6.86  11.21     4.92
  SINCE JAN 1     22.92                     13.26   9.66    11.96

SNOWFALL (IN)
  YESTERDAY        0.0           0.0    MM   0.0    0.0      0.0
  MONTH TO DATE    0.0                       0.3   -0.3      0.3
  SINCE MAR 1     17.1                       1.7   15.4      7.8
  SINCE JUL 1     40.0                      13.0   27.0     27.1
  SNOW DEPTH       0

DEGREE DAYS
 HEATING
  YESTERDAY       19                         8     11        5
  MONTH TO DATE  183                       270    -87      192
  SINCE MAR 1    832                       875    -43      908
  SINCE JUL 1   4810                      4446    364     4751

 COOLING
  YESTERDAY        0                         1     -1        0
  MONTH TO DATE   12                        15     -3       11
  SINCE MAR 1     12                        17     -5       11
  SINCE JAN 1     12                        17     -5       11
..................................................................


WIND (MPH)
  HIGHEST WIND SPEED    15   HIGHEST WIND DIRECTION    SE (150)
  HIGHEST GUST SPEED    17   HIGHEST GUST DIRECTION    SE (140)
  AVERAGE WIND SPEED     4.3


SKY COVER
  POSSIBLE SUNSHINE  MM
  AVERAGE SKY COVER 0.2


WEATHER CONDITIONS
 THE FOLLOWING WEATHER WAS RECORDED YESTERDAY.
  NO SIGNIFICANT WEATHER WAS OBSERVED.


RELATIVE HUMIDITY (PERCENT)
 HIGHEST    78           500 AM
 LOWEST     25           200 PM
 AVERAGE    52

..........................................................


THE LEXINGTON KY CLIMATE NORMALS FOR TODAY
                         NORMAL    RECORD    YEAR
 MAXIMUM TEMPERATURE (F)   69        88      1915
 MINIMUM TEMPERATURE (F)   48        27      1919


SUNRISE AND SUNSET
APRIL 25 2015.........SUNRISE   650 AM EDT   SUNSET   823 PM EDT
APRIL 26 2015.........SUNRISE   649 AM EDT   SUNSET   824 PM EDT


-  INDICATES NEGATIVE NUMBERS.
R  INDICATES RECORD WAS SET OR TIED.
MM INDICATES DATA IS MISSING.
T  INDICATES TRACE AMOUNT.




$$
