000
CDUS44 KLCH 270809
CLILFT


CLIMATE REPORT
NATIONAL WEATHER SERVICE LAKE CHARLES, LA
308 AM CDT MON APR 27 2015


...................................

...THE LAFAYETTE CLIMATE SUMMARY FOR APRIL 26 2015...

CLIMATE NORMAL PERIOD 1981 TO 2010
CLIMATE RECORD PERIOD 1893 TO 2015


WEATHER ITEM   OBSERVED TIME   RECORD YEAR NORMAL DEPARTURE LAST
                VALUE   (LST)  VALUE       VALUE  FROM      YEAR
                                                  NORMAL
..................................................................
TEMPERATURE (F)
 YESTERDAY
  MAXIMUM         86    302 PM  92    1925  82      4       84
  MINIMUM         67    457 AM  41    1910  62      5       68
  AVERAGE         77                        72      5       76

PRECIPITATION (IN)
  YESTERDAY        0.00          2.45 1921   0.14  -0.14     0.00
  MONTH TO DATE    8.59                      3.36   5.23     1.90
  SINCE MAR 1     12.51                      7.15   5.36     4.75
  SINCE JAN 1     19.61                     17.27   2.34    12.00

SNOWFALL (IN)
  YESTERDAY        0.0           0.0    MM   0.0    0.0      0.0
  MONTH TO DATE    0.0                       0.0    0.0      0.0
  SINCE MAR 1      T                         0.0    0.0      0.0
  SINCE JUL 1      T                         T      0.0      0.8
  SNOW DEPTH       0

DEGREE DAYS
 HEATING
  YESTERDAY        0                         0      0        0
  MONTH TO DATE    2                        38    -36       54
  SINCE MAR 1     85                       188   -103      289
  SINCE JUL 1   1528                      1418    110     1949

 COOLING
  YESTERDAY       12                         7      5       11
  MONTH TO DATE  197                       129     68       99
  SINCE MAR 1    287                       192     95      123
  SINCE JAN 1    292                       224     68      137
..................................................................


WIND (MPH)
  HIGHEST WIND SPEED     9   HIGHEST WIND DIRECTION     N (360)
  HIGHEST GUST SPEED    12   HIGHEST GUST DIRECTION    SE (150)
  AVERAGE WIND SPEED     2.0


SKY COVER
  POSSIBLE SUNSHINE  MM
  AVERAGE SKY COVER 0.5


WEATHER CONDITIONS
 THE FOLLOWING WEATHER WAS RECORDED YESTERDAY.
  FOG
  FOG W/VISIBILITY <= 1/4 MILE


RELATIVE HUMIDITY (PERCENT)
 HIGHEST   100           100 AM
 LOWEST     61           300 PM
 AVERAGE    81

..........................................................


THE LAFAYETTE CLIMATE NORMALS FOR TODAY
                         NORMAL    RECORD    YEAR
 MAXIMUM TEMPERATURE (F)   82        92      1933
 MINIMUM TEMPERATURE (F)   62        44      1898


SUNRISE AND SUNSET
APRIL 27 2015.........SUNRISE   629 AM CDT   SUNSET   743 PM CDT
APRIL 28 2015.........SUNRISE   628 AM CDT   SUNSET   744 PM CDT


-  INDICATES NEGATIVE NUMBERS.
R  INDICATES RECORD WAS SET OR TIED.
MM INDICATES DATA IS MISSING.
T  INDICATES TRACE AMOUNT.




$$
