000
CDUS41 KOKX 012033
CLILGA


CLIMATE REPORT
NATIONAL WEATHER SERVICE NEW YORK NY
433 PM EDT WED APR 1 2015


...................................

...THE LAGUARDIA NY CLIMATE SUMMARY FOR APRIL 1 2015...
VALID TODAY AS OF 0400 PM LOCAL TIME.

CLIMATE NORMAL PERIOD 1981 TO 2010
CLIMATE RECORD PERIOD 1945 TO 2015


WEATHER ITEM   OBSERVED TIME   RECORD YEAR NORMAL DEPARTURE LAST
                VALUE   (LST)  VALUE       VALUE  FROM      YEAR
                                                  NORMAL
..................................................................
TEMPERATURE (F)
 TODAY
  MAXIMUM         49    259 PM  80    1978  55     -6       59
  MINIMUM         34    658 AM  27    1969  40     -6       39
  AVERAGE         42                        47     -5       49

PRECIPITATION (IN)
  TODAY            0.00          1.89 1993   0.14  -0.14     0.00
  MONTH TO DATE    0.00                      0.14  -0.14     0.00
  SINCE MAR 1      4.54                      4.11   0.43     3.66
  SINCE JAN 1     11.62                     10.04   1.58    10.95

SNOWFALL (IN)
  TODAY            0.0           0.3  1997   0.0    0.0      0.0
  MONTH TO DATE    0.0                       0.0    0.0      0.0
  SINCE OCT 1     53.8                      26.4   27.4     52.1
  SINCE JUL 1     53.8                      26.4   27.4     52.1
  SNOW DEPTH       0

DEGREE DAYS
 HEATING
  TODAY           23                        18      5       16
  MONTH TO DATE   23                        18      5       16
  SINCE MAR 1    857                       725    132      874
  SINCE JUL 1   4579                      4154    425     4531

 COOLING
  TODAY            0                         0      0        0
  MONTH TO DATE    0                         0      0        0
  SINCE MAR 1      0                         0      0        0
  SINCE JAN 1      0                         0      0        0
..................................................................


WIND (MPH)
  HIGHEST WIND SPEED    20   HIGHEST WIND DIRECTION    NW (320)
  HIGHEST GUST SPEED    28   HIGHEST GUST DIRECTION    NW (320)
  AVERAGE WIND SPEED     9.9


SKY COVER
  AVERAGE SKY COVER 0.5


WEATHER CONDITIONS
 THE FOLLOWING WEATHER WAS RECORDED TODAY.
  NO SIGNIFICANT WEATHER WAS OBSERVED.


RELATIVE HUMIDITY (PERCENT)
 HIGHEST    82          1200 AM
 LOWEST     29           300 PM
 AVERAGE    56

..........................................................


THE LAGUARDIA NY CLIMATE NORMALS FOR TOMORROW
                         NORMAL    RECORD    YEAR
 MAXIMUM TEMPERATURE (F)   56        79      1967
 MINIMUM TEMPERATURE (F)   40        34      2013
                                             1964


SUNRISE AND SUNSET
APRIL  1 2015.........SUNRISE   640 AM EDT   SUNSET   720 PM EDT
APRIL  2 2015.........SUNRISE   638 AM EDT   SUNSET   721 PM EDT


-  INDICATES NEGATIVE NUMBERS.
R  INDICATES RECORD WAS SET OR TIED.
MM INDICATES DATA IS MISSING.
T  INDICATES TRACE AMOUNT.




$$
