000
CDUS46 KLOX 280924
CLILGB


CLIMATE REPORT
NATIONAL WEATHER SERVICE LOS ANGELES/OXNARD CA
224 AM PDT TUE APR 28 2015


...................................

...THE LONG BEACH AIRPORT CA CLIMATE SUMMARY FOR APRIL 27 2015...

CLIMATE NORMAL PERIOD 1981 TO 2010
CLIMATE RECORD PERIOD 1958 TO 2015


WEATHER ITEM   OBSERVED TIME   RECORD YEAR NORMAL DEPARTURE LAST
                VALUE   (LST)  VALUE       VALUE  FROM      YEAR
                                                  NORMAL
..................................................................
TEMPERATURE (F)
 YESTERDAY
  MAXIMUM         88    224 PM  99    2004  73     15       71
  MINIMUM         56    531 AM  45    1971  55      1       52
  AVERAGE         72                        64      8       62

PRECIPITATION (IN)
  YESTERDAY        0.00          0.83 1960   0.01  -0.01     0.00
  MONTH TO DATE    0.22                      0.56  -0.34     0.37
  SINCE OCT 1      7.08                     11.70  -4.62     4.43
  SINCE JAN 1      1.82                      8.12  -6.30     3.19

SNOWFALL (IN)
  YESTERDAY        0.0
  MONTH TO DATE    0.0
  SINCE MAR 1      0.0
  SINCE JUL 1      0.0

DEGREE DAYS
 HEATING
  YESTERDAY        0                         3     -3        3
  MONTH TO DATE   36                       100    -64       53
  SINCE MAR 1     78                       279   -201      131
  SINCE JUL 1    501                      1170   -669      709

 COOLING
  YESTERDAY        7                         1      6        0
  MONTH TO DATE   39                        27     12       38
  SINCE MAR 1    157                        37    120       61
  SINCE JAN 1    194                        45    149       76
..................................................................


WIND (MPH)
  HIGHEST WIND SPEED    22   HIGHEST WIND DIRECTION     W (290)
  HIGHEST GUST SPEED    28   HIGHEST GUST DIRECTION     W (290)
  AVERAGE WIND SPEED     5.9


SKY COVER
  POSSIBLE SUNSHINE  MM
  AVERAGE SKY COVER 0.0


WEATHER CONDITIONS
 THE FOLLOWING WEATHER WAS RECORDED YESTERDAY.
  NO SIGNIFICANT WEATHER WAS OBSERVED.


RELATIVE HUMIDITY (PERCENT)
 HIGHEST    83           500 AM
 LOWEST     11           200 PM
 AVERAGE    47

..........................................................


THE LONG BEACH AIRPORT CA CLIMATE NORMALS FOR TODAY
                         NORMAL    RECORD    YEAR
 MAXIMUM TEMPERATURE (F)   73        96      1981
 MINIMUM TEMPERATURE (F)   55        45      1984
                                             1970


SUNRISE AND SUNSET
APRIL 28 2015.........SUNRISE   607 AM PDT   SUNSET   734 PM PDT
APRIL 29 2015.........SUNRISE   606 AM PDT   SUNSET   734 PM PDT


-  INDICATES NEGATIVE NUMBERS.
R  INDICATES RECORD WAS SET OR TIED.
MM INDICATES DATA IS MISSING.
T  INDICATES TRACE AMOUNT.




$$
