000
CDUS46 KMFR 050037
CLILMT


CLIMATE REPORT
NATIONAL WEATHER SERVICE MEDFORD, OR
536 PM PDT MON MAY 4 2015


...................................

...THE KLAMATH FALLS OR CLIMATE SUMMARY FOR MAY 4 2015...
VALID TODAY AS OF 0500 PM LOCAL TIME.

CLIMATE NORMAL PERIOD 1981 TO 2010
CLIMATE RECORD PERIOD 1928 TO 2015


WEATHER ITEM   OBSERVED TIME   RECORD YEAR NORMAL DEPARTURE LAST
                VALUE   (LST)  VALUE       VALUE  FROM      YEAR
                                                  NORMAL
..................................................................
TEMPERATURE (F)
 TODAY
  MAXIMUM         74    255 PM  84    1992  62     12       63
  MINIMUM         34    447 AM  22    2010  34      0       35
  AVERAGE         54                        48      6       49

PRECIPITATION (IN)
  TODAY            0.00          0.56 1956   0.07  -0.07      T
  MONTH TO DATE    0.00                      0.28  -0.28      T
  SINCE OCT 1     10.06                     11.38  -1.32     5.42
  SINCE JAN 1      3.60                      6.69  -3.09     4.79

SNOWFALL (IN)
  TODAY           MM                        MM     MM       MM
  MONTH TO DATE   MM                        MM     MM       MM
  SINCE JUL 1     MM                        MM     MM        0.0
  SNOW DEPTH      MM

DEGREE DAYS
 HEATING
  TODAY           11                        17     -6       16
  MONTH TO DATE   41                        69    -28       44
  SINCE MAR 1   1331                      1547   -216     1348
  SINCE JUL 1   4905                      6388  -1483     6131

 COOLING
  TODAY            0                         0      0        0
  MONTH TO DATE    0                         0      0        0
  SINCE MAR 1      0                         0      0        0
  SINCE JAN 1      0                         0      0        0
..................................................................


WIND (MPH)
  HIGHEST WIND SPEED    22   HIGHEST WIND DIRECTION     W (290)
  HIGHEST GUST SPEED    29   HIGHEST GUST DIRECTION     W (280)
  AVERAGE WIND SPEED     4.5


SKY COVER
  POSSIBLE SUNSHINE  MM
  AVERAGE SKY COVER 0.0


WEATHER CONDITIONS
 THE FOLLOWING WEATHER WAS RECORDED TODAY.
  LIGHT RAIN


RELATIVE HUMIDITY (PERCENT)
 HIGHEST    92           400 AM
 LOWEST     14           200 PM

..........................................................


THE KLAMATH FALLS OR CLIMATE NORMALS FOR TOMORROW
                         NORMAL    RECORD    YEAR
 MAXIMUM TEMPERATURE (F)   62        86      1992
 MINIMUM TEMPERATURE (F)   35        23      2012
                                             2007
                                             1999


SUNRISE AND SUNSET
MAY  4 2015...........SUNRISE   559 AM PDT   SUNSET   809 PM PDT
MAY  5 2015...........SUNRISE   558 AM PDT   SUNSET   810 PM PDT


-  INDICATES NEGATIVE NUMBERS.
R  INDICATES RECORD WAS SET OR TIED.
MM INDICATES DATA IS MISSING.
T  INDICATES TRACE AMOUNT.




$$
