000
CDUS45 KRIW 250736
CLILND


CLIMATE REPORT
NATIONAL WEATHER SERVICE RIVERTON WY
134 AM MDT SAT APR 25 2015


...................................

...THE LANDER WY CLIMATE SUMMARY FOR APRIL 24 2015...

CLIMATE NORMAL PERIOD 1981 TO 2010
CLIMATE RECORD PERIOD 1891 TO 2015


WEATHER ITEM   OBSERVED TIME   RECORD YEAR NORMAL DEPARTURE LAST
                VALUE   (LST)  VALUE       VALUE  FROM      YEAR
                                                  NORMAL
..................................................................
TEMPERATURE (F)
 YESTERDAY
  MAXIMUM         66    111 PM  82    2012  59      7       62
  MINIMUM         36    601 AM  13    1892  34      2       27
  AVERAGE         51                        46      5       45

PRECIPITATION (IN)
  YESTERDAY        0.00          0.90 1990   0.07  -0.07     0.00
  MONTH TO DATE    1.83                      1.43   0.40     0.62
  SINCE MAR 1      2.38                      2.59  -0.21     1.80
  SINCE JAN 1      3.94                      3.58   0.36     2.60

SNOWFALL (IN)
  YESTERDAY        0.0                       0.6   -0.6      0.0
  MONTH TO DATE   10.3                      13.8   -3.5      4.3
  SINCE MAR 1     19.2                      29.9  -10.7     18.2
  SINCE JUL 1     73.1                      83.5  -10.4     73.5
  SNOW DEPTH       0

DEGREE DAYS
 HEATING
  YESTERDAY       14                        19     -5       20
  MONTH TO DATE  496                       529    -33      494
  SINCE MAR 1   1261                      1444   -183     1389
  SINCE JUL 1   6385                      7148   -763     7125

 COOLING
  YESTERDAY        0                         0      0        0
  MONTH TO DATE    0                         0      0        0
  SINCE MAR 1      0                         0      0        0
  SINCE JAN 1      0                         0      0        0
..................................................................


WIND (MPH)
  HIGHEST WIND SPEED    32   HIGHEST WIND DIRECTION     W (270)
  HIGHEST GUST SPEED    39   HIGHEST GUST DIRECTION     W (270)
  AVERAGE WIND SPEED     8.4


SKY COVER
  POSSIBLE SUNSHINE  MM
  AVERAGE SKY COVER 0.2


WEATHER CONDITIONS
 THE FOLLOWING WEATHER WAS RECORDED YESTERDAY.
  NO SIGNIFICANT WEATHER WAS OBSERVED.


RELATIVE HUMIDITY (PERCENT)
 HIGHEST    64           600 AM
 LOWEST     27          1100 AM
 AVERAGE    46

..........................................................


THE LANDER WY CLIMATE NORMALS FOR TODAY
                         NORMAL    RECORD    YEAR
 MAXIMUM TEMPERATURE (F)   59        81      1946
 MINIMUM TEMPERATURE (F)   34        12      1907


SUNRISE AND SUNSET
APRIL 25 2015.........SUNRISE   618 AM MDT   SUNSET   809 PM MDT
APRIL 26 2015.........SUNRISE   617 AM MDT   SUNSET   810 PM MDT


-  INDICATES NEGATIVE NUMBERS.
R  INDICATES RECORD WAS SET OR TIED.
MM INDICATES DATA IS MISSING.
T  INDICATES TRACE AMOUNT.




$$
