000
CDUS43 KOAX 040647
CLILNK


CLIMATE REPORT
NATIONAL WEATHER SERVICE OMAHA NEBRASKA
146 AM CDT MON MAY 4 2015


...................................

...THE LINCOLN, NEBRASKA CLIMATE SUMMARY FOR MAY 3 2015...

CLIMATE NORMAL PERIOD 1981 TO 2010
CLIMATE RECORD PERIOD 1887 TO 2015


WEATHER ITEM   OBSERVED TIME   RECORD YEAR NORMAL DEPARTURE LAST
                VALUE   (LST)  VALUE       VALUE  FROM      YEAR
                                                  NORMAL
..................................................................
TEMPERATURE (F)
 YESTERDAY
  MAXIMUM         84    313 PM  91    1949  70     14       76
  MINIMUM         60    554 AM  25    1976  46     14       43
  AVERAGE         72                        58     14       60

PRECIPITATION (IN)
  YESTERDAY        0.30          1.90 2001   0.13   0.17     0.00
  MONTH TO DATE    0.38                      0.38   0.00      T
  SINCE MAR 1      3.14                      5.02  -1.88     3.63
  SINCE JAN 1      4.98                      6.43  -1.45     4.49

SNOWFALL (IN)
  YESTERDAY        0.0                       0.0    0.0      0.0
  MONTH TO DATE    0.0                       0.0    0.0      0.0
  SINCE JUL 1     21.9                      25.9   -4.0     18.2
  SNOW DEPTH       0

DEGREE DAYS
 HEATING
  YESTERDAY        0                         8     -8        5
  MONTH TO DATE    2                        25    -23       29
  SINCE MAR 1    998                      1215   -217     1260
  SINCE JUL 1   5685                      5918   -233     6377

 COOLING
  YESTERDAY        7                         1      6        0
  MONTH TO DATE   12                         3      9        0
  SINCE MAR 1     17                        17      0       15
  SINCE JAN 1     17                        17      0       15
..................................................................


WIND (MPH)
  HIGHEST WIND SPEED    23   HIGHEST WIND DIRECTION    NE (50)
  HIGHEST GUST SPEED    30   HIGHEST GUST DIRECTION    SE (140)
  AVERAGE WIND SPEED    12.6


SKY COVER
  POSSIBLE SUNSHINE  MM
  AVERAGE SKY COVER 0.2


WEATHER CONDITIONS
 THE FOLLOWING WEATHER WAS RECORDED YESTERDAY.
  THUNDERSTORM
  HEAVY RAIN
  RAIN
  LIGHT RAIN
  HAZE


RELATIVE HUMIDITY (PERCENT)
 HIGHEST    78           600 AM
 LOWEST     45          1100 AM
 AVERAGE    62

..........................................................


THE LINCOLN, NEBRASKA CLIMATE NORMALS FOR TODAY
                         NORMAL    RECORD    YEAR
 MAXIMUM TEMPERATURE (F)   70        91      1952
 MINIMUM TEMPERATURE (F)   46        30      1944
                                             1907


SUNRISE AND SUNSET
MAY  4 2015...........SUNRISE   622 AM CDT   SUNSET   826 PM CDT
MAY  5 2015...........SUNRISE   621 AM CDT   SUNSET   827 PM CDT


-  INDICATES NEGATIVE NUMBERS.
R  INDICATES RECORD WAS SET OR TIED.
MM INDICATES DATA IS MISSING.
T  INDICATES TRACE AMOUNT.




$$
