000
CDUS45 KTFX 281012
CLILWT


CLIMATE REPORT
NATIONAL WEATHER SERVICE GREAT FALLS MT
411 AM MDT TUE APR 28 2015


...................................

...THE LEWISTOWN MT CLIMATE SUMMARY FOR APRIL 27 2015...

CLIMATE NORMAL PERIOD 1981 TO 2010
CLIMATE RECORD PERIOD 1896 TO 2015


WEATHER ITEM   OBSERVED TIME   RECORD YEAR NORMAL DEPARTURE LAST
                VALUE   (LST)  VALUE       VALUE  FROM      YEAR
                                                  NORMAL
..................................................................
TEMPERATURE (F)
 YESTERDAY
  MAXIMUM         60    547 PM  82    1987  57      3       51
  MINIMUM         27    533 AM  15    1994  32     -5       29
  AVERAGE         44                        44      0       40

PRECIPITATION (IN)
  YESTERDAY        0.00          0.88 2012   0.06  -0.06     0.21
  MONTH TO DATE    1.58                      1.23   0.35     1.01
  SINCE OCT 1      6.19                      5.73   0.46     5.84
  SINCE JAN 1      3.88                      3.23   0.65     3.76

SNOWFALL (IN)
  YESTERDAY       MM
  SNOW DEPTH       0

DEGREE DAYS
 HEATING
  YESTERDAY       21                        21      0       25
  MONTH TO DATE  605                       649    -44      648
  SINCE MAR 1   1298                      1644   -346     1765
  SINCE JUL 1   6496                      7448   -952     7821

 COOLING
  YESTERDAY        0                         0      0        0
  MONTH TO DATE    0                         0      0        0
  SINCE MAR 1      0                         0      0        0
  SINCE JAN 1      0                         0      0        0
..................................................................


WIND (MPH)
  HIGHEST WIND SPEED    13   HIGHEST WIND DIRECTION     W (280)
  HIGHEST GUST SPEED    19   HIGHEST GUST DIRECTION     W (270)
  AVERAGE WIND SPEED     5.4


SKY COVER
  AVERAGE SKY COVER 0.1


WEATHER CONDITIONS
 THE FOLLOWING WEATHER WAS RECORDED YESTERDAY.
  FOG


RELATIVE HUMIDITY (PERCENT)
 HIGHEST    92          1200 AM
 LOWEST     32           200 PM
 AVERAGE    62

..........................................................


THE LEWISTOWN MT CLIMATE NORMALS FOR TODAY
                         NORMAL    RECORD    YEAR
 MAXIMUM TEMPERATURE (F)   58        86      1939
 MINIMUM TEMPERATURE (F)   32         9      1907


SUNRISE AND SUNSET
APRIL 28 2015.........SUNRISE   607 AM MDT   SUNSET   824 PM MDT
APRIL 29 2015.........SUNRISE   606 AM MDT   SUNSET   826 PM MDT


-  INDICATES NEGATIVE NUMBERS.
R  INDICATES RECORD WAS SET OR TIED.
MM INDICATES DATA IS MISSING.
T  INDICATES TRACE AMOUNT.




$$
