000
CDUS44 KLZK 012116
CLILZK


CLIMATE REPORT
NATIONAL WEATHER SERVICE LITTLE ROCK AR
416 PM CDT WED APR 1 2015


...................................

...THE NORTH LITTLE ROCK CLIMATE SUMMARY FOR APRIL 1 2015...
VALID TODAY AS OF 0400 PM LOCAL TIME.

CLIMATE NORMAL PERIOD 1981 TO 2010
CLIMATE RECORD PERIOD 1975 TO 2015


WEATHER ITEM   OBSERVED TIME   RECORD YEAR NORMAL DEPARTURE LAST
                VALUE   (LST)  VALUE       VALUE  FROM      YEAR
                                                  NORMAL
..................................................................
TEMPERATURE (F)
 TODAY
  MAXIMUM         78        MM  87    2012  69      9       74
  MINIMUM         60        MM  36    1984  49     11       52
  AVERAGE         69                        59     10       63

PRECIPITATION (IN)
  TODAY            0.00          2.37 1979   0.16  -0.16      T
  MONTH TO DATE    0.00                      0.16  -0.16      T
  SINCE MAR 1      8.72                      4.93   3.79     5.17
  SINCE JAN 1     14.90                     12.01   2.89    10.49

SNOWFALL (IN)
  TODAY            0.0          MM      MM   0.0    0.0      0.0
  MONTH TO DATE    0.0                       0.0    0.0      0.0
  SINCE MAR 1      6.4                       0.4    6.0      1.6
  SINCE JUL 1     10.6                       4.4    6.2      5.2
  SNOW DEPTH       0

DEGREE DAYS
 HEATING
  TODAY            0                         8     -8        2
  MONTH TO DATE    0                         8     -8        2
  SINCE MAR 1    403                       368     35      491
  SINCE JUL 1   3200                      2854    346     3318

 COOLING
  TODAY            4                         1      3        0
  MONTH TO DATE    4                         1      3        0
  SINCE MAR 1     18                        18      0        0
  SINCE JAN 1     18                        20     -2        0
..................................................................


WIND (MPH)
  HIGHEST WIND SPEED    MM   HIGHEST WIND DIRECTION    MM
  HIGHEST GUST SPEED    MM   HIGHEST GUST DIRECTION    MM
  AVERAGE WIND SPEED    MM


SKY COVER
  POSSIBLE SUNSHINE  MM
  AVERAGE SKY COVER  MM


WEATHER CONDITIONS
 THE FOLLOWING WEATHER WAS RECORDED TODAY.
  FOG
  FOG W/VISIBILITY <= 1/4 MILE


RELATIVE HUMIDITY (PERCENT)
 HIGHEST    MM
 LOWEST     MM
 AVERAGE    MM

..........................................................


THE NORTH LITTLE ROCK CLIMATE NORMALS FOR TOMORROW
                         NORMAL    RECORD    YEAR
 MAXIMUM TEMPERATURE (F)   69        85      2012
                                             2006
 MINIMUM TEMPERATURE (F)   49        34      1992


SUNRISE AND SUNSET
APRIL  1 2015.........SUNRISE   656 AM CDT   SUNSET   730 PM CDT
APRIL  2 2015.........SUNRISE   655 AM CDT   SUNSET   731 PM CDT


-  INDICATES NEGATIVE NUMBERS.
R  INDICATES RECORD WAS SET OR TIED.
MM INDICATES DATA IS MISSING.
T  INDICATES TRACE AMOUNT.




$$
