000
CDUS44 KMAF 210731
CLIMAF


CLIMATE REPORT
NATIONAL WEATHER SERVICE MIDLAND/ODESSA TX
231 AM CDT TUE APR 21 2015


...................................

...THE MIDLAND CLIMATE SUMMARY FOR APRIL 20 2015...

CLIMATE NORMAL PERIOD 1981 TO 2010
CLIMATE RECORD PERIOD 1930 TO 2015


WEATHER ITEM   OBSERVED TIME   RECORD YEAR NORMAL DEPARTURE LAST
                VALUE   (LST)  VALUE       VALUE  FROM      YEAR
                                                  NORMAL
..................................................................
TEMPERATURE (F)
 YESTERDAY
  MAXIMUM         74    511 PM  93    1999  81     -7       81
                                      1997
                                      1964
  MINIMUM         46    630 AM  27    1933  51     -5       58
  AVERAGE         60                        66     -6       70

PRECIPITATION (IN)
  YESTERDAY        0.00          0.33 1936   0.02  -0.02     0.00
  MONTH TO DATE    0.85                      0.42   0.43     0.45
  SINCE MAR 1      2.50                      1.02   1.48     0.64
  SINCE JAN 1      5.19                      2.29   2.90     0.90

SNOWFALL (IN)
  YESTERDAY        0.0
  MONTH TO DATE    0.0
  SINCE MAR 1      T
  SINCE JUL 1      3.6
  SNOW DEPTH       0

DEGREE DAYS
 HEATING
  YESTERDAY        5                         3      2        0
  MONTH TO DATE   38                        92    -54       68
  SINCE MAR 1    376                       399    -23      350
  SINCE JUL 1   2526                      2636   -110     2598

 COOLING
  YESTERDAY        0                         3     -3        5
  MONTH TO DATE   78                        45     33       74
  SINCE MAR 1    104                        61     43       97
  SINCE JAN 1    105                        63     42       99
..................................................................


WIND (MPH)
  HIGHEST WIND SPEED    18   HIGHEST WIND DIRECTION     E (90)
  HIGHEST GUST SPEED    24   HIGHEST GUST DIRECTION    SE (140)
  AVERAGE WIND SPEED    11.2


SKY COVER
  POSSIBLE SUNSHINE  MM
  AVERAGE SKY COVER 0.0


WEATHER CONDITIONS
 THE FOLLOWING WEATHER WAS RECORDED YESTERDAY.
  NO SIGNIFICANT WEATHER WAS OBSERVED.


RELATIVE HUMIDITY (PERCENT)
 HIGHEST    76           600 AM
 LOWEST     27           300 PM
 AVERAGE    52

..........................................................


THE MIDLAND CLIMATE NORMALS FOR TODAY
                         NORMAL    RECORD    YEAR
 MAXIMUM TEMPERATURE (F)   81       101      1989
 MINIMUM TEMPERATURE (F)   51        35      1933


SUNRISE AND SUNSET
APRIL 21 2015.........SUNRISE   713 AM CDT   SUNSET   822 PM CDT
APRIL 22 2015.........SUNRISE   712 AM CDT   SUNSET   823 PM CDT


-  INDICATES NEGATIVE NUMBERS.
R  INDICATES RECORD WAS SET OR TIED.
MM INDICATES DATA IS MISSING.
T  INDICATES TRACE AMOUNT.




$$
