000
CDUS42 KMLB 210626
CLIMCO


CLIMATE REPORT
NATIONAL WEATHER SERVICE MELBOURNE FL
225 AM EDT TUE APR 21 2015


...................................

...THE ORLANDO  CLIMATE SUMMARY FOR APRIL 20 2015...

CLIMATE NORMAL PERIOD 1981 TO 2010
CLIMATE RECORD PERIOD 1892 TO 2015


WEATHER ITEM   OBSERVED TIME   RECORD YEAR NORMAL DEPARTURE LAST
                VALUE   (LST)  VALUE       VALUE  FROM      YEAR
                                                  NORMAL
..................................................................
TEMPERATURE (F)
 YESTERDAY
  MAXIMUM         86   1256 PM  96    1908  83      3       73
  MINIMUM         66   1051 PM  39    1936  61      5       61
  AVERAGE         76                        72      4       67

PRECIPITATION (IN)
  YESTERDAY        0.53          1.16 1991   0.09   0.44      T
  MONTH TO DATE    3.12                      1.91   1.21     2.35
  SINCE MAR 1      3.87                      5.68  -1.81     6.87
  SINCE JAN 1     11.97                     10.41   1.56    11.91

SNOWFALL (IN)
  YESTERDAY        0.0
  MONTH TO DATE    0.0
  SINCE MAR 1      0.0
  SINCE JUL 1      0.0

DEGREE DAYS
 HEATING
  YESTERDAY        0                         0      0        0
  MONTH TO DATE    0                        11    -11        0
  SINCE MAR 1     16                        70    -54       42
  SINCE JUL 1    486                       569    -83      406

 COOLING
  YESTERDAY       11                         7      4        2
  MONTH TO DATE  255                       118    137      146
  SINCE MAR 1    523                       236    287      253
  SINCE JAN 1    597                       340    257      403
..................................................................


WIND (MPH)
  HIGHEST WIND SPEED    30   HIGHEST WIND DIRECTION    NW (330)
  HIGHEST GUST SPEED    39   HIGHEST GUST DIRECTION     N (340)
  AVERAGE WIND SPEED     6.1


SKY COVER
  AVERAGE SKY COVER 0.9


WEATHER CONDITIONS
 THE FOLLOWING WEATHER WAS RECORDED YESTERDAY.
  THUNDERSTORM
  HEAVY RAIN
  RAIN
  LIGHT RAIN
  FOG


RELATIVE HUMIDITY (PERCENT)
 HIGHEST   100           700 AM
 LOWEST     57           100 PM
 AVERAGE    79

..........................................................


THE ORLANDO  CLIMATE NORMALS FOR TODAY
                         NORMAL    RECORD    YEAR
 MAXIMUM TEMPERATURE (F)   83        96      1935
                                             1908
 MINIMUM TEMPERATURE (F)   61        44      1953


SUNRISE AND SUNSET
APRIL 21 2015.........SUNRISE   654 AM EDT   SUNSET   754 PM EDT
APRIL 22 2015.........SUNRISE   653 AM EDT   SUNSET   755 PM EDT


-  INDICATES NEGATIVE NUMBERS.
R  INDICATES RECORD WAS SET OR TIED.
MM INDICATES DATA IS MISSING.
T  INDICATES TRACE AMOUNT.




$$
