000
CDUS41 KCTP 242117
CLIMDT


CLIMATE REPORT
NATIONAL WEATHER SERVICE STATE COLLEGE PA
516 PM EDT FRI APR 24 2015


...................................

...THE HARRISBURG PA CLIMATE SUMMARY FOR APRIL 24 2015...
VALID TODAY AS OF 0500 PM LOCAL TIME.

CLIMATE NORMAL PERIOD 1981 TO 2010
CLIMATE RECORD PERIOD 1888 TO 2015


WEATHER ITEM   OBSERVED TIME   RECORD YEAR NORMAL DEPARTURE LAST
                VALUE   (LST)  VALUE       VALUE  FROM      YEAR
                                                  NORMAL
..................................................................
TEMPERATURE (F)
 TODAY
  MAXIMUM         57    331 PM  90    1960  66     -9       63
  MINIMUM         36    158 AM  30    1930  45     -9       41
  AVERAGE         47                        55     -8       52

PRECIPITATION (IN)
  TODAY            T             1.74 1983   0.10  -0.10     0.00
  MONTH TO DATE    1.98                      2.48  -0.50     2.29
  SINCE MAR 1      5.54                      5.85  -0.31     6.17
  SINCE JAN 1      9.13                     11.12  -1.99    12.88

SNOWFALL (IN)
  TODAY            T   R         T    1927   0.0    0.0      0.0
  MONTH TO DATE    T                         0.4   -0.4       T
  SINCE MAR 1     11.8                       5.6    6.2      1.4
  SINCE JUL 1     39.2                      30.6    8.6     44.0
  SNOW DEPTH       0

DEGREE DAYS
 HEATING
  TODAY           18                        10      8       13
  MONTH TO DATE  280                       338    -58      325
  SINCE MAR 1   1174                      1061    113     1199
  SINCE JUL 1   5477                      5049    428     5543

 COOLING
  TODAY            0                         0      0        0
  MONTH TO DATE    0                         0      0        6
  SINCE MAR 1      0                         1     -1        6
  SINCE JAN 1      0                         1     -1        6
..................................................................


WIND (MPH)
  HIGHEST WIND SPEED    29   HIGHEST WIND DIRECTION    NW (320)
  HIGHEST GUST SPEED    38   HIGHEST GUST DIRECTION    NW (320)
  AVERAGE WIND SPEED    18.1


SKY COVER
  POSSIBLE SUNSHINE  MM
  AVERAGE SKY COVER 0.5


WEATHER CONDITIONS
 THE FOLLOWING WEATHER WAS RECORDED TODAY.
  LIGHT SNOW


RELATIVE HUMIDITY (PERCENT)
 HIGHEST    71          1000 AM
 LOWEST     24           100 PM
 AVERAGE    48

..........................................................


THE HARRISBURG PA CLIMATE NORMALS FOR TOMORROW
                         NORMAL    RECORD    YEAR
 MAXIMUM TEMPERATURE (F)   66        93      1915
 MINIMUM TEMPERATURE (F)   45        30      1956


SUNRISE AND SUNSET
APRIL 24 2015.........SUNRISE   616 AM EDT   SUNSET   755 PM EDT
APRIL 25 2015.........SUNRISE   615 AM EDT   SUNSET   756 PM EDT


-  INDICATES NEGATIVE NUMBERS.
R  INDICATES RECORD WAS SET OR TIED.
MM INDICATES DATA IS MISSING.
T  INDICATES TRACE AMOUNT.




$$
