000
CDUS44 KMEG 062145
CLIMEG


CLIMATE REPORT
NATIONAL WEATHER SERVICE MEMPHIS TN
444 PM CDT WED MAY 6 2015


...................................

...THE MEMPHIS/GERMANTOWN WFO CLIMATE SUMMARY FOR MAY 6 2015...
VALID TODAY AS OF 0400 PM LOCAL TIME.

CLIMATE NORMAL PERIOD 1981 TO 2010
CLIMATE RECORD PERIOD 1988 TO 2015


WEATHER ITEM   OBSERVED TIME   RECORD YEAR NORMAL DEPARTURE LAST
                VALUE   (LST)  VALUE       VALUE  FROM      YEAR
                                                  NORMAL
..................................................................
TEMPERATURE (F)
 TODAY
  MAXIMUM         86        MM  94    2012  78      8       86
  MINIMUM         58        MM  42    1992  56      2       61
  AVERAGE         72                        67      5       74

PRECIPITATION (IN)
  TODAY            0.00          1.80 2009   0.21  -0.21     0.00
  MONTH TO DATE    0.00                      1.28  -1.28     0.00
  SINCE MAR 1     10.08                     11.55  -1.47    12.10
  SINCE JAN 1     16.16                     20.18  -4.02    20.72

SNOWFALL (IN)
  TODAY            0.0

DEGREE DAYS
 HEATING
  TODAY            0                         2     -2        0
  MONTH TO DATE    9                        15     -6       18
  SINCE MAR 1    536                       642   -106      700
  SINCE JUL 1   3443                      3388     55     3704

 COOLING
  TODAY            7                         4      3        9
  MONTH TO DATE   28                        21      7       28
  SINCE MAR 1    105                        86     19       76
  SINCE JAN 1    105                        87     18       76
..................................................................







THE MEMPHIS/GERMANTOWN WFO CLIMATE NORMALS FOR TOMORROW
                         NORMAL    RECORD    YEAR
 MAXIMUM TEMPERATURE (F)   78        89      2010
                                             2004
 MINIMUM TEMPERATURE (F)   56        41      1989


SUNRISE AND SUNSET
MAY  6 2015...........SUNRISE   603 AM CDT   SUNSET   749 PM CDT
MAY  7 2015...........SUNRISE   602 AM CDT   SUNSET   750 PM CDT


-  INDICATES NEGATIVE NUMBERS.
R  INDICATES RECORD WAS SET OR TIED.
MM INDICATES DATA IS MISSING.
T  INDICATES TRACE AMOUNT.




$$
