000
CDUS46 KMFR 020038
CLIMFR


CLIMATE REPORT
NATIONAL WEATHER SERVICE MEDFORD, OR
537 PM PDT WED APR 1 2015


...................................

...THE MEDFORD OR CLIMATE SUMMARY FOR APRIL 1 2015...
VALID TODAY AS OF 0500 PM LOCAL TIME.

CLIMATE NORMAL PERIOD 1981 TO 2010
CLIMATE RECORD PERIOD 1911 TO 2015


WEATHER ITEM   OBSERVED TIME   RECORD YEAR NORMAL DEPARTURE LAST
                VALUE   (LST)  VALUE       VALUE  FROM      YEAR
                                                  NORMAL
..................................................................
TEMPERATURE (F)
 TODAY
  MAXIMUM         59    326 PM  84    1992  62     -3       59
  MINIMUM         35    449 AM  21    1936  39     -4       35
  AVERAGE         47                        50     -3       47

PRECIPITATION (IN)
  TODAY            T             0.78 1974   0.05  -0.05      T
  MONTH TO DATE    T                         0.05  -0.05      T
  SINCE OCT 1     12.75                     13.84  -1.09    10.51
  SINCE JAN 1      5.90                      6.20  -0.30     8.83

SNOWFALL (IN)
  TODAY            0.0                       0.0    0.0      0.0
  MONTH TO DATE    0.0                       0.0    0.0      0.0
  SINCE JUL 1      T                         4.1   -4.1      3.4
  SNOW DEPTH       0

DEGREE DAYS
 HEATING
  TODAY           18                        15      3       18
  MONTH TO DATE   18                        15      3       18
  SINCE MAR 1    373                       533   -160      439
  SINCE JUL 1   2813                      3647   -834     3809

 COOLING
  TODAY            0                         0      0        0
  MONTH TO DATE    0                         0      0        0
  SINCE MAR 1      0                         0      0        0
  SINCE JAN 1      0                         0      0        0
..................................................................


WIND (MPH)
  HIGHEST WIND SPEED    17   HIGHEST WIND DIRECTION    NE (40)
  HIGHEST GUST SPEED    26   HIGHEST GUST DIRECTION     N (350)
  AVERAGE WIND SPEED     3.2


SKY COVER
  POSSIBLE SUNSHINE  MM
  AVERAGE SKY COVER 0.4


WEATHER CONDITIONS
 THE FOLLOWING WEATHER WAS RECORDED TODAY.
  LIGHT RAIN


RELATIVE HUMIDITY (PERCENT)
 HIGHEST    92           500 AM
 LOWEST     39           300 PM
 AVERAGE    66

..........................................................


THE MEDFORD OR CLIMATE NORMALS FOR TOMORROW
                         NORMAL    RECORD    YEAR
 MAXIMUM TEMPERATURE (F)   62        84      1992
 MINIMUM TEMPERATURE (F)   39        24      1976


SUNRISE AND SUNSET
APRIL  1 2015.........SUNRISE   654 AM PDT   SUNSET   737 PM PDT
APRIL  2 2015.........SUNRISE   652 AM PDT   SUNSET   738 PM PDT


-  INDICATES NEGATIVE NUMBERS.
R  INDICATES RECORD WAS SET OR TIED.
MM INDICATES DATA IS MISSING.
T  INDICATES TRACE AMOUNT.




$$
