000
CDUS43 KFSD 020628
CLIMHE


CLIMATE REPORT
NATIONAL WEATHER SERVICE SIOUX FALLS SD
127 AM CDT THU APR 2 2015


...................................

...THE MITCHELL SD CLIMATE SUMMARY FOR APRIL 1 2015...

CLIMATE NORMAL PERIOD 1981 TO 2010
CLIMATE RECORD PERIOD 1893 TO 2015


WEATHER ITEM   OBSERVED TIME   RECORD YEAR NORMAL DEPARTURE LAST
                VALUE   (LST)  VALUE       VALUE  FROM      YEAR
                                                  NORMAL
..................................................................
TEMPERATURE (F)
 YESTERDAY
  MAXIMUM         79   1224 PM  92    2012  53     26       32
  MINIMUM         49   1159 PM   1    1924  29     20       16
  AVERAGE         64                        41     23       24

PRECIPITATION (IN)
  YESTERDAY        0.00          1.28 1897   0.02  -0.02      T
  MONTH TO DATE    0.00                      0.02  -0.02      T
  SINCE MAR 1      0.13                      1.08  -0.95     1.04
  SINCE JAN 1      0.90                      1.64  -0.74     1.54

SNOWFALL (IN)
  YESTERDAY        0.0           3.0  1927  MM     MM         T
  MONTH TO DATE    0.0                      MM     MM         T
  SINCE MAR 1      0.7                      MM     MM        8.6
  SINCE JUL 1     22.6                      MM     MM       30.8
  SNOW DEPTH       0

DEGREE DAYS
 HEATING
  YESTERDAY        1                        24    -23       41
  MONTH TO DATE    1                        24    -23       41
  SINCE MAR 1    769                       982   -213     1087
  SINCE JUL 1   6259                      6504   -245     7037

 COOLING
  YESTERDAY        0                         0      0        0
  MONTH TO DATE    0                         0      0        0
  SINCE MAR 1      4                         0      4        0
  SINCE JAN 1      4                         0      4        0
..................................................................


WIND (MPH)
  HIGHEST WIND SPEED    30   HIGHEST WIND DIRECTION    NW (310)
  HIGHEST GUST SPEED    37   HIGHEST GUST DIRECTION    NW (310)
  AVERAGE WIND SPEED    17.1


SKY COVER
  POSSIBLE SUNSHINE  MM
  AVERAGE SKY COVER 0.0


WEATHER CONDITIONS
 THE FOLLOWING WEATHER WAS RECORDED YESTERDAY.
  HAZE


RELATIVE HUMIDITY (PERCENT)
 HIGHEST    43           200 AM
 LOWEST     20           100 PM
 AVERAGE    32

..........................................................


THE MITCHELL SD CLIMATE NORMALS FOR TODAY
                         NORMAL    RECORD    YEAR
 MAXIMUM TEMPERATURE (F)   53        85      1963
                                             1921
 MINIMUM TEMPERATURE (F)   30         2      1908


SUNRISE AND SUNSET
APRIL  2 2015.........SUNRISE   712 AM CDT   SUNSET   800 PM CDT
APRIL  3 2015.........SUNRISE   711 AM CDT   SUNSET   801 PM CDT


-  INDICATES NEGATIVE NUMBERS.
R  INDICATES RECORD WAS SET OR TIED.
MM INDICATES DATA IS MISSING.
T  INDICATES TRACE AMOUNT.




$$
