000
CDUS43 KIND 050540
CLIMIE


CLIMATE REPORT
NATIONAL WEATHER SERVICE INDIANAPOLIS IN
140 AM EDT TUE MAY 5 2015


...................................

...THE MUNCIE IN CLIMATE SUMMARY FOR MAY 4 2015...

CLIMATE NORMAL PERIOD 1981 TO 2010
CLIMATE RECORD PERIOD 9999 TO 9999


WEATHER ITEM   OBSERVED TIME   NORMAL DEPARTURE LAST
                VALUE   (LST)  VALUE  FROM      YEAR
                                      NORMAL
......................................................
TEMPERATURE (F)
 YESTERDAY
  MAXIMUM         72    513 PM  68      4       65
  MINIMUM         61    616 AM  48     13       48
  AVERAGE         67            58      9       57

PRECIPITATION (IN)
  YESTERDAY        1.07          0.12   0.95      T
  MONTH TO DATE    1.07          0.48   0.59      T
  SINCE MAR 1      8.23          7.10   1.13     7.67
  SINCE JAN 1     11.17         11.64  -0.47    10.63

DEGREE DAYS
 HEATING
  YESTERDAY        0             8     -8        8
  MONTH TO DATE   14            34    -20       47
  SINCE MAR 1   1249          1243      6     1396
  SINCE JUL 1   6114          5626    488     6306

 COOLING
  YESTERDAY        2             1      1        0
  MONTH TO DATE    4             4      0        0
  SINCE MAR 1      7            19    -12        6
  SINCE JAN 1      7            19    -12        6
......................................................


WIND (MPH)
  HIGHEST WIND SPEED    18   HIGHEST WIND DIRECTION     W (280)
  HIGHEST GUST SPEED    25   HIGHEST GUST DIRECTION    SW (220)
  AVERAGE WIND SPEED     8.7


SKY COVER
  AVERAGE SKY COVER 0.5


WEATHER CONDITIONS
 THE FOLLOWING WEATHER WAS RECORDED YESTERDAY.
  THUNDERSTORM
  HEAVY RAIN
  RAIN
  LIGHT RAIN
  FOG


RELATIVE HUMIDITY (PERCENT)
 HIGHEST    93           900 PM
 LOWEST     51           900 AM
 AVERAGE    72

..........................................................


THE MUNCIE IN CLIMATE NORMALS FOR TODAY
                         NORMAL
 MAXIMUM TEMPERATURE (F)   69
 MINIMUM TEMPERATURE (F)   48


SUNRISE AND SUNSET
MAY  5 2015...........SUNRISE   637 AM EDT   SUNSET   841 PM EDT
MAY  6 2015...........SUNRISE   635 AM EDT   SUNSET   842 PM EDT


-  INDICATES NEGATIVE NUMBERS.
R  INDICATES RECORD WAS SET OR TIED.
MM INDICATES DATA IS MISSING.
T  INDICATES TRACE AMOUNT.




$$
