000
CDUS45 KBYZ 190933
CLIMLS


CLIMATE REPORT
NATIONAL WEATHER SERVICE BILLINGS MT
332 AM MDT SUN APR 19 2015


...................................

...THE MILES CITY MT CLIMATE SUMMARY FOR APRIL 18 2015...

CLIMATE NORMAL PERIOD 1981 TO 2010
CLIMATE RECORD PERIOD 1937 TO 2015


WEATHER ITEM   OBSERVED TIME   RECORD YEAR NORMAL DEPARTURE LAST
                VALUE   (LST)  VALUE       VALUE  FROM      YEAR
                                                  NORMAL
..................................................................
TEMPERATURE (F)
 YESTERDAY
  MAXIMUM         69   1213 PM  83    1980  60      9       66
  MINIMUM         37   1159 PM  15    1953  34      3       36
  AVERAGE         53                        47      6       51

PRECIPITATION (IN)
  YESTERDAY        0.00          1.51        0.04  -0.04     0.08
  MONTH TO DATE    0.01                      0.70  -0.69     0.17
  SINCE OCT 1      1.47                      3.45  -1.98     3.41
  SINCE JAN 1      0.46                      1.85  -1.39     1.73

DEGREE DAYS
 HEATING
  YESTERDAY       12                        18     -6       14
  MONTH TO DATE  334                       379    -45      430
  SINCE MAR 1    999                      1320   -321     1485
  SINCE JUL 1   6469                      7054   -585     7524

 COOLING
  YESTERDAY        0                         0      0        0
  MONTH TO DATE    0                         0      0        0
  SINCE MAR 1      0                         0      0        0
  SINCE JAN 1      0                         0      0        0
..................................................................


WIND (MPH)
  HIGHEST WIND SPEED    37   HIGHEST WIND DIRECTION    NW (330)
  HIGHEST GUST SPEED    46   HIGHEST GUST DIRECTION     N (340)
  AVERAGE WIND SPEED    15.0


SKY COVER
  POSSIBLE SUNSHINE  MM
  AVERAGE SKY COVER 0.2


WEATHER CONDITIONS
 THE FOLLOWING WEATHER WAS RECORDED YESTERDAY.
  NO SIGNIFICANT WEATHER WAS OBSERVED.


RELATIVE HUMIDITY (PERCENT)
 HIGHEST    76           500 AM
 LOWEST     27          1200 PM
 AVERAGE    52

..........................................................


THE MILES CITY MT CLIMATE NORMALS FOR TODAY
                         NORMAL    RECORD    YEAR
 MAXIMUM TEMPERATURE (F)   60        86      1962
 MINIMUM TEMPERATURE (F)   34        12      1951


SUNRISE AND SUNSET
APRIL 19 2015.........SUNRISE   610 AM MDT   SUNSET   756 PM MDT
APRIL 20 2015.........SUNRISE   608 AM MDT   SUNSET   758 PM MDT


-  INDICATES NEGATIVE NUMBERS.
R  INDICATES RECORD WAS SET OR TIED.
MM INDICATES DATA IS MISSING.
T  INDICATES TRACE AMOUNT.





&&

THIS IS AN AUTOMATED...UNATTENDED WEATHER STATION AND MAY
UNDERESTIMATE WINTER PRECIPITATION.

$$
