000
CDUS46 KPQR 041145
CLIMMV


CLIMATE REPORT
NATIONAL WEATHER SERVICE PORTLAND OREGON
444 AM PDT MON MAY 4 2015


...................................

...THE MCMINNVILLE OR CLIMATE SUMMARY FOR MAY 3 2015...

CLIMATE NORMAL PERIOD 1981 TO 2010
CLIMATE RECORD PERIOD 1894 TO 2015


WEATHER ITEM   OBSERVED TIME   RECORD YEAR NORMAL DEPARTURE LAST
                VALUE   (LST)  VALUE       VALUE  FROM      YEAR
                                                  NORMAL
..................................................................
TEMPERATURE (F)
 YESTERDAY
  MAXIMUM         75    357 PM  87    1992  65     10       61
  MINIMUM         36    440 AM  26    1952  41     -5       45
  AVERAGE         56                        53      3       53

PRECIPITATION (IN)
  YESTERDAY        0.00          1.05 1948   0.07  -0.07     0.19
  MONTH TO DATE    0.00                      0.20  -0.20     0.19
  SINCE OCT 1     30.88                     33.71  -2.83    24.18
  SINCE JAN 1     14.64                     17.68  -3.04    19.22

DEGREE DAYS
 HEATING
  YESTERDAY        9                        12     -3       12
  MONTH TO DATE   24                        36    -12       17
  SINCE JUL 1   3370                      4434  -1064     4336

 COOLING
  YESTERDAY        0                         0      0        0
  MONTH TO DATE    0                         0      0        6
  SINCE JAN 1      0                         0      0       10
..................................................................


WIND (MPH)
  HIGHEST WIND SPEED    13   HIGHEST WIND DIRECTION    SW (230)
  HIGHEST GUST SPEED    16   HIGHEST GUST DIRECTION    SW (220)
  AVERAGE WIND SPEED     3.9


SKY COVER
  POSSIBLE SUNSHINE  MM
  AVERAGE SKY COVER 0.0


WEATHER CONDITIONS
 THE FOLLOWING WEATHER WAS RECORDED YESTERDAY.
  FOG


RELATIVE HUMIDITY (PERCENT)
 HIGHEST    93           300 AM
 LOWEST     29           400 PM
 AVERAGE    61

..........................................................


THE MCMINNVILLE OR CLIMATE NORMALS FOR TODAY
                         NORMAL    RECORD    YEAR
 MAXIMUM TEMPERATURE (F)   65        89      1992
 MINIMUM TEMPERATURE (F)   41        29      1952


SUNRISE AND SUNSET
MAY  4 2015...........SUNRISE   457 AM PST   SUNSET   722 PM PST
MAY  5 2015...........SUNRISE   456 AM PST   SUNSET   723 PM PST


-  INDICATES NEGATIVE NUMBERS.
R  INDICATES RECORD WAS SET OR TIED.
MM INDICATES DATA IS MISSING.
T  INDICATES TRACE AMOUNT.




$$
