000
CDUS41 KLWX 040526
CLIMRB


CLIMATE REPORT
NATIONAL WEATHER SERVICE BALTIMORE MD/WASHINGTON DC
124 AM EDT MON MAY 4 2015


...................................

...THE MARTINSBURG WV CLIMATE SUMMARY FOR MAY 3 2015...

CLIMATE NORMAL PERIOD 1981 TO 2010
CLIMATE RECORD PERIOD 1926 TO 2015


WEATHER ITEM   OBSERVED TIME   RECORD YEAR NORMAL DEPARTURE LAST
                VALUE   (LST)  VALUE       VALUE  FROM      YEAR
                                                  NORMAL
..................................................................
TEMPERATURE (F)
 YESTERDAY
  MAXIMUM         79    347 PM  90    1965  69     10       71
  MINIMUM         42    509 AM  30    2005  46     -4       44
  AVERAGE         61                        58      3       58

PRECIPITATION (IN)
  YESTERDAY        0.00          1.30 1954   0.13  -0.13      T
  MONTH TO DATE    T                         0.38  -0.38     0.02
  SINCE MAR 1      5.62                      7.24  -1.62     5.85
  SINCE JAN 1      7.91                     12.02  -4.11     9.60

DEGREE DAYS
 HEATING
  YESTERDAY        4                         8     -4        7
  MONTH TO DATE   14                        25    -11       16
  SINCE MAR 1   1041                      1126    -85     1213
  SINCE JUL 1   4964                      5082   -118     5306

 COOLING
  YESTERDAY        0                         1     -1        0
  MONTH TO DATE    0                         3     -3        0
  SINCE MAR 1      1                        12    -11        7
  SINCE JAN 1      1                        12    -11        7
..................................................................


WIND (MPH)
  HIGHEST WIND SPEED    13   HIGHEST WIND DIRECTION     W (270)
  HIGHEST GUST SPEED    15   HIGHEST GUST DIRECTION    NW (320)
  AVERAGE WIND SPEED     3.2


SKY COVER
  POSSIBLE SUNSHINE  MM
  AVERAGE SKY COVER 0.2


WEATHER CONDITIONS
 THE FOLLOWING WEATHER WAS RECORDED YESTERDAY.
  NO SIGNIFICANT WEATHER WAS OBSERVED.


RELATIVE HUMIDITY (PERCENT)
 HIGHEST    89           500 AM
 LOWEST     27           100 PM
 AVERAGE    58

..........................................................


THE MARTINSBURG WV CLIMATE NORMALS FOR TODAY
                         NORMAL    RECORD    YEAR
 MAXIMUM TEMPERATURE (F)   70        91      1938
 MINIMUM TEMPERATURE (F)   46        31      1957


SUNRISE AND SUNSET
MAY  4 2015...........SUNRISE   610 AM EDT   SUNSET   808 PM EDT
MAY  5 2015...........SUNRISE   609 AM EDT   SUNSET   809 PM EDT


-  INDICATES NEGATIVE NUMBERS.
R  INDICATES RECORD WAS SET OR TIED.
MM INDICATES DATA IS MISSING.
T  INDICATES TRACE AMOUNT.




$$
