000
CDUS44 KHUN 062126
CLIMSL


CLIMATE REPORT
NATIONAL WEATHER SERVICE HUNTSVILLE AL
426 PM CDT WED MAY 6 2015


...................................

...THE MUSCLE SHOALS CLIMATE SUMMARY FOR MAY 6 2015...
VALID TODAY AS OF 0400 PM LOCAL TIME.

CLIMATE NORMAL PERIOD 1981 TO 2010
CLIMATE RECORD PERIOD 1893 TO 2015


WEATHER ITEM   OBSERVED TIME   RECORD YEAR NORMAL DEPARTURE LAST
                VALUE   (LST)  VALUE       VALUE  FROM      YEAR
                                                  NORMAL
..................................................................
TEMPERATURE (F)
 TODAY
  MAXIMUM         84    207 PM  92    1952  78      6       86
                                      1949
  MINIMUM         54    503 AM  39    1968  56     -2       54
  AVERAGE         69                        67      2       70

PRECIPITATION (IN)
  TODAY            0.00          4.67 2003   0.17  -0.17     0.00
  MONTH TO DATE    0.00                      0.95  -0.95     0.00
  SINCE MAR 1     11.60                     10.06   1.54     9.22
  SINCE JAN 1     18.88                     19.33  -0.45    14.91

SNOWFALL (IN)
  TODAY            0.0
  MONTH TO DATE    0.0
  SINCE MAR 1      0.7
  SINCE JUL 1      4.2
  SNOW DEPTH       0

DEGREE DAYS
 HEATING
  TODAY            0                         2     -2        0
  MONTH TO DATE   10                        12     -2       20
  SINCE MAR 1    453                       550    -97      602
  SINCE JUL 1   3224                      3085    139     3373

 COOLING
  TODAY            4                         4      0        5
  MONTH TO DATE   12                        20     -8       15
  SINCE MAR 1     68                        84    -16       60
  SINCE JAN 1     68                        85    -17       60
..................................................................


WIND (MPH)
  HIGHEST WIND SPEED    17   HIGHEST WIND DIRECTION    SE (150)
  HIGHEST GUST SPEED    22   HIGHEST GUST DIRECTION    SE (130)
  AVERAGE WIND SPEED     4.8


SKY COVER
  POSSIBLE SUNSHINE  MM
  AVERAGE SKY COVER 0.1


WEATHER CONDITIONS
 THE FOLLOWING WEATHER WAS RECORDED TODAY.
  FOG


RELATIVE HUMIDITY (PERCENT)
 HIGHEST    87          1200 AM
 LOWEST     31           200 PM
 AVERAGE    59

..........................................................


THE MUSCLE SHOALS CLIMATE NORMALS FOR TOMORROW
                         NORMAL    RECORD    YEAR
 MAXIMUM TEMPERATURE (F)   79        91      1940
                                             1894
 MINIMUM TEMPERATURE (F)   56        36      1944


SUNRISE AND SUNSET
MAY  6 2015...........SUNRISE   555 AM CDT   SUNSET   739 PM CDT
MAY  7 2015...........SUNRISE   554 AM CDT   SUNSET   740 PM CDT


-  INDICATES NEGATIVE NUMBERS.
R  INDICATES RECORD WAS SET OR TIED.
MM INDICATES DATA IS MISSING.
T  INDICATES TRACE AMOUNT.




$$
