000
CDUS45 KMSO 270738
CLIMSO


CLIMATE REPORT
NATIONAL WEATHER SERVICE MISSOULA, MT
137 AM MDT MON APR 27 2015


...................................

...THE MISSOULA MT CLIMATE SUMMARY FOR APRIL 26 2015...

CLIMATE NORMAL PERIOD 1981 TO 2010
CLIMATE RECORD PERIOD 1893 TO 2015


WEATHER ITEM   OBSERVED TIME   RECORD YEAR NORMAL DEPARTURE LAST
                VALUE   (LST)  VALUE       VALUE  FROM      YEAR
                                                  NORMAL
..................................................................
TEMPERATURE (F)
 YESTERDAY
  MAXIMUM         48    522 PM  84    1916  61    -13       49
  MINIMUM         38    934 AM  23    1962  34      4       35
                                      1907
  AVERAGE         43                        48     -5       42

PRECIPITATION (IN)
  YESTERDAY        0.19          0.63 2012   0.04   0.15     0.19
  MONTH TO DATE    0.46                      1.06  -0.60     0.72
  SINCE OCT 1      8.47                      6.54   1.93     7.54
  SINCE JAN 1      3.16                      3.61  -0.45     5.83

SNOWFALL (IN)
  YESTERDAY        0.0
  MONTH TO DATE    0.6
  SINCE JAN 1     13.3
  SINCE JUL 1     33.9
  SNOW DEPTH       0

DEGREE DAYS
 HEATING
  YESTERDAY       22                        17      5       23
  MONTH TO DATE  562                       515     47      532
  SINCE MAR 1   1282                      1329    -47     1400
  SINCE JUL 1   6274                      6698   -424     6910

 COOLING
  YESTERDAY        0                         0      0        0
  MONTH TO DATE    0                         0      0        0
  SINCE MAR 1      0                         0      0        0
  SINCE JAN 1      0                         0      0        0
..................................................................


WIND (MPH)
  HIGHEST WIND SPEED    14   HIGHEST WIND DIRECTION    NW (310)
  HIGHEST GUST SPEED    17   HIGHEST GUST DIRECTION    NW (330)
  AVERAGE WIND SPEED     5.9


SKY COVER
  POSSIBLE SUNSHINE  MM
  AVERAGE SKY COVER 1.0


WEATHER CONDITIONS
 THE FOLLOWING WEATHER WAS RECORDED YESTERDAY.
  LIGHT RAIN
  FOG


RELATIVE HUMIDITY (PERCENT)
 HIGHEST    93          1000 PM
 LOWEST     62          1200 AM
 AVERAGE    78

..........................................................


THE MISSOULA MT CLIMATE NORMALS FOR TODAY
                         NORMAL    RECORD    YEAR
 MAXIMUM TEMPERATURE (F)   62        85      1987
 MINIMUM TEMPERATURE (F)   35        24      1955


SUNRISE AND SUNSET
APRIL 27 2015.........SUNRISE   628 AM MDT   SUNSET   841 PM MDT
APRIL 28 2015.........SUNRISE   626 AM MDT   SUNSET   842 PM MDT


-  INDICATES NEGATIVE NUMBERS.
R  INDICATES RECORD WAS SET OR TIED.
MM INDICATES DATA IS MISSING.
T  INDICATES TRACE AMOUNT.




$$
