000
CDUS45 KBOI 060933
CLIMYL


CLIMATE REPORT
NATIONAL WEATHER SERVICE BOISE ID
332 AM MDT WED MAY 6 2015


...................................

...THE MCCALL ID CLIMATE SUMMARY FOR MAY 5 2015...

CLIMATE NORMAL PERIOD 1981 TO 2010
CLIMATE RECORD PERIOD 1930 TO 2015


WEATHER ITEM   OBSERVED TIME   RECORD YEAR NORMAL DEPARTURE LAST
                VALUE   (LST)  VALUE       VALUE  FROM      YEAR
                                                  NORMAL
..................................................................
TEMPERATURE (F)
 YESTERDAY
  MAXIMUM         59    359 PM  82    1966  56      3       46
  MINIMUM         41   1155 PM  20    1999  30     11       36
  AVERAGE         50                        43      7       41

PRECIPITATION (IN)
  YESTERDAY        T             0.52 1964   0.06  -0.06     0.27
  MONTH TO DATE    T                         0.33  -0.33     0.27
  SINCE OCT 1     15.79                     14.10   1.69    17.63
  SINCE JAN 1      7.03                      7.92  -0.89    13.56

DEGREE DAYS
 HEATING
  YESTERDAY       15                        22     -7       24
  MONTH TO DATE   73                       113    -40       81
  SINCE MAR 1   1627                      2073   -446     1881
  SINCE JUL 1   6998                      8748  -1750     7875

 COOLING
  YESTERDAY        0                         0      0        0
  MONTH TO DATE    0                         0      0        0
  SINCE MAR 1      0                         0      0        0
  SINCE JAN 1      0                         0      0        0
..................................................................


WIND (MPH)
  HIGHEST WIND SPEED    15   HIGHEST WIND DIRECTION    NW (300)
  HIGHEST GUST SPEED    22   HIGHEST GUST DIRECTION    NW (300)
  AVERAGE WIND SPEED     6.3


SKY COVER
  AVERAGE SKY COVER 0.3


WEATHER CONDITIONS
 THE FOLLOWING WEATHER WAS RECORDED YESTERDAY.
  LIGHT RAIN
  HAZE


RELATIVE HUMIDITY (PERCENT)
 HIGHEST    82           400 AM
 LOWEST     30           500 PM
 AVERAGE    56

..........................................................


THE MCCALL ID CLIMATE NORMALS FOR TODAY
                         NORMAL    RECORD    YEAR
 MAXIMUM TEMPERATURE (F)   56        82      1992
 MINIMUM TEMPERATURE (F)   31        14      1950


SUNRISE AND SUNSET
MAY  6 2015...........SUNRISE   627 AM MDT   SUNSET   856 PM MDT
MAY  7 2015...........SUNRISE   626 AM MDT   SUNSET   857 PM MDT


-  INDICATES NEGATIVE NUMBERS.
R  INDICATES RECORD WAS SET OR TIED.
MM INDICATES DATA IS MISSING.
T  INDICATES TRACE AMOUNT.




$$
