000
CDUS44 KLIX 040740
CLINEW


CLIMATE REPORT
NATIONAL WEATHER SERVICE NEW ORLEANS
240 AM CDT MON MAY 4 2015


...................................

...THE NEW ORLEANS CLIMATE SUMMARY FOR MAY 3 2015...

CLIMATE NORMAL PERIOD 1981 TO 2010
CLIMATE RECORD PERIOD 1946 TO 2015


WEATHER ITEM   OBSERVED TIME   RECORD YEAR NORMAL DEPARTURE LAST
                VALUE   (LST)  VALUE       VALUE  FROM      YEAR
                                                  NORMAL
..................................................................
TEMPERATURE (F)
 YESTERDAY
  MAXIMUM         82    142 PM  90    2002  82      0       84
  MINIMUM         64   1159 PM  51    2013  65     -1       57
                                      2004
                                      1988
  AVERAGE         73                        74     -1       71

PRECIPITATION (IN)
  YESTERDAY        0.00          6.25 1978   0.14  -0.14     0.00
  MONTH TO DATE    0.00                      0.42  -0.42     0.00
  SINCE MAR 1     18.33                      9.58   8.75     7.56
  SINCE JAN 1     26.03                     20.03   6.00    16.59

SNOWFALL (IN)
  YESTERDAY        0.0
  MONTH TO DATE    0.0
  SINCE MAR 1      0.0
  SINCE JUL 1      0.0
  SNOW DEPTH       0

DEGREE DAYS
 HEATING
  YESTERDAY        0                         0      0        0
  MONTH TO DATE    0                         0      0        0
  SINCE MAR 1     70                       170   -100      228
  SINCE JUL 1   1274                      1279     -5     1581

 COOLING
  YESTERDAY        8                         9     -1        6
  MONTH TO DATE   23                        25     -2        9
  SINCE MAR 1    415                       245    170      188
  SINCE JAN 1    433                       282    151      212
..................................................................


WIND (MPH)
  HIGHEST WIND SPEED    15   HIGHEST WIND DIRECTION    NE (40)
  HIGHEST GUST SPEED    18   HIGHEST GUST DIRECTION    SE (130)
  AVERAGE WIND SPEED     6.0


SKY COVER
  POSSIBLE SUNSHINE  MM
  AVERAGE SKY COVER 0.3


WEATHER CONDITIONS
 THE FOLLOWING WEATHER WAS RECORDED YESTERDAY.
  NO SIGNIFICANT WEATHER WAS OBSERVED.


RELATIVE HUMIDITY (PERCENT)
 HIGHEST    84           500 AM
 LOWEST     38           600 PM
 AVERAGE    61

..........................................................


THE NEW ORLEANS CLIMATE NORMALS FOR TODAY
                         NORMAL    RECORD    YEAR
 MAXIMUM TEMPERATURE (F)   83        92      1952
 MINIMUM TEMPERATURE (F)   65        46      2013


SUNRISE AND SUNSET
MAY  4 2015...........SUNRISE   616 AM CDT   SUNSET   740 PM CDT
MAY  5 2015...........SUNRISE   615 AM CDT   SUNSET   741 PM CDT


-  INDICATES NEGATIVE NUMBERS.
R  INDICATES RECORD WAS SET OR TIED.
MM INDICATES DATA IS MISSING.
T  INDICATES TRACE AMOUNT.




$$
