000
CDUS46 KMTR 280026
CLINUQ


CLIMATE REPORT
NATIONAL WEATHER SERVICE SAN FRANCISCO BAY AREA
526 PM PDT MON APR 27 2015


...................................

...THE MOFFETT FIELD CLIMATE SUMMARY FOR APRIL 27 2015...
VALID TODAY AS OF 0500 PM LOCAL TIME.

CLIMATE NORMAL PERIOD 1981 TO 2010
CLIMATE RECORD PERIOD 1945 TO 2015


WEATHER ITEM   OBSERVED TIME   RECORD YEAR NORMAL DEPARTURE LAST
                VALUE   (LST)  VALUE       VALUE  FROM      YEAR
                                                  NORMAL
..................................................................
TEMPERATURE (F)
 TODAY
  MAXIMUM         85    302 PM  92    2004  70     15       66
  MINIMUM         52    509 AM  38    1955  51      1       51
  AVERAGE         69                        60      9       59

PRECIPITATION (IN)
  TODAY            0.00          0.69 1983   0.02  -0.02      T
  MONTH TO DATE    0.88                      0.90  -0.02     0.86
  SINCE OCT 1     13.48                     13.82  -0.34     5.94
  SINCE JAN 1      3.49                      8.98  -5.49     5.18

DEGREE DAYS
 HEATING
  TODAY            0                                         6
  MONTH TO DATE  152                                       131
  SINCE MAR 1    305                                       285
  SINCE JUL 1   1410                                      1743

 COOLING
  TODAY            4                                         0
  MONTH TO DATE    5                                         8
  SINCE MAR 1     13                                        12
  SINCE JAN 1     13                                        12
..................................................................


WIND (MPH)
  RESULTANT WIND SPEED   3   RESULTANT WIND DIRECTION   N (350)
  HIGHEST WIND SPEED    20   HIGHEST WIND DIRECTION     N (350)
  HIGHEST GUST SPEED    22   HIGHEST GUST DIRECTION     N (350)
  AVERAGE WIND SPEED     3.5


SKY COVER
  POSSIBLE SUNSHINE  MM
  AVERAGE SKY COVER 0.0


WEATHER CONDITIONS
 THE FOLLOWING WEATHER WAS RECORDED TODAY.
  NO SIGNIFICANT WEATHER WAS OBSERVED.


RELATIVE HUMIDITY (PERCENT)
 HIGHEST    86          1200 AM
 LOWEST     29           200 PM
 AVERAGE    58

..........................................................


THE MOFFETT FIELD CLIMATE NORMALS FOR TOMORROW
                         NORMAL    RECORD    YEAR
 MAXIMUM TEMPERATURE (F)   70        91      1981
 MINIMUM TEMPERATURE (F)   51        38      1955


SUNRISE AND SUNSET
APRIL 27 2015.........SUNRISE   618 AM PDT   SUNSET   754 PM PDT
APRIL 28 2015.........SUNRISE   617 AM PDT   SUNSET   755 PM PDT


-  INDICATES NEGATIVE NUMBERS.
R  INDICATES RECORD WAS SET OR TIED.
MM INDICATES DATA IS MISSING.
T  INDICATES TRACE AMOUNT.




$$
