000
CDUS46 KMTR 280026
CLIOAK


CLIMATE REPORT
NATIONAL WEATHER SERVICE SAN FRANCISCO BAY AREA
526 PM PDT MON APR 27 2015


...................................

...THE OAKLAND AIRPORT CLIMATE SUMMARY FOR APRIL 27 2015...
VALID TODAY AS OF 0500 PM LOCAL TIME.

CLIMATE NORMAL PERIOD 1981 TO 2010
CLIMATE RECORD PERIOD 1948 TO 2015


WEATHER ITEM   OBSERVED TIME   RECORD YEAR NORMAL DEPARTURE LAST
                VALUE   (LST)  VALUE       VALUE  FROM      YEAR
                                                  NORMAL
..................................................................
TEMPERATURE (F)
 TODAY
  MAXIMUM         81   1237 PM  88    2004  67     14       65
  MINIMUM         50    541 AM  35    1955  50      0       52
  AVERAGE         66                        58      8       59

PRECIPITATION (IN)
  TODAY            0.00          1.16 1953   0.04  -0.04      T
  MONTH TO DATE    1.08                      1.25  -0.17     1.63
  SINCE OCT 1     14.39                     19.58  -5.19     9.44
  SINCE JAN 1      3.17                     12.27  -9.10     7.98

SNOWFALL (IN)
  TODAY            0.0           0.0  1985
  MONTH TO DATE    0.0
  SINCE MAR 1      0.0
  SINCE JUL 1      0.0

DEGREE DAYS
 HEATING
  TODAY            0                         7     -7        6
  MONTH TO DATE  200                       213    -13      175
  SINCE MAR 1    399                       544   -145      360
  SINCE JUL 1   1708                      2566   -858     2181

 COOLING
  TODAY            1                         0      1        0
  MONTH TO DATE    1                         0      1        2
  SINCE MAR 1      2                         1      1        3
  SINCE JAN 1      2                         1      1        3
..................................................................


WIND (MPH)
  RESULTANT WIND SPEED   3   RESULTANT WIND DIRECTION   W (270)
  HIGHEST WIND SPEED    16   HIGHEST WIND DIRECTION     W (280)
  HIGHEST GUST SPEED    18   HIGHEST GUST DIRECTION     W (290)
  AVERAGE WIND SPEED     5.4


SKY COVER
  POSSIBLE SUNSHINE  MM
  AVERAGE SKY COVER 0.2


WEATHER CONDITIONS
 THE FOLLOWING WEATHER WAS RECORDED TODAY.
  NO SIGNIFICANT WEATHER WAS OBSERVED.


RELATIVE HUMIDITY (PERCENT)
 HIGHEST    89           100 AM
 LOWEST     38          1200 PM
 AVERAGE    64

..........................................................


THE OAKLAND AIRPORT CLIMATE NORMALS FOR TOMORROW
                         NORMAL    RECORD    YEAR
 MAXIMUM TEMPERATURE (F)   67        87      1957
 MINIMUM TEMPERATURE (F)   50        40      1955


SUNRISE AND SUNSET
APRIL 27 2015.........SUNRISE   618 AM PDT   SUNSET   755 PM PDT
APRIL 28 2015.........SUNRISE   617 AM PDT   SUNSET   756 PM PDT


-  INDICATES NEGATIVE NUMBERS.
R  INDICATES RECORD WAS SET OR TIED.
MM INDICATES DATA IS MISSING.
T  INDICATES TRACE AMOUNT.




$$
