000
CDUS43 KOAX 271232 CCA
CLIOAX

CLIMATE REPORT
NATIONAL WEATHER SERVICE OMAHA NEBRASKA...CORRECTED LOW
722 AM CDT MON APR 27 2015


...................................

...THE VALLEY  NWS, NEBRASKA CLIMATE SUMMARY FOR APRIL 26 2015...

CLIMATE NORMAL PERIOD 1981 TO 2010
CLIMATE RECORD PERIOD 1997 TO 2015


WEATHER ITEM   OBSERVED TIME   NORMAL DEPARTURE LAST
                VALUE   (LST)  VALUE  FROM      YEAR
                                      NORMAL
......................................................
TEMPERATURE (F)
 YESTERDAY
  MAXIMUM         62    350 PM  65     -3       79
  MINIMUM         42    525 AM  44     -2       48
  AVERAGE         52            54     -2       64

PRECIPITATION (IN)
  YESTERDAY        0.00          0.12  -0.12     0.00
  MONTH TO DATE    3.52          2.53   0.99     1.65
  SINCE MAR 1      4.18          4.53  -0.35     2.01
  SINCE JAN 1      5.75          6.24  -0.49     3.05

SNOWFALL (IN)
  YESTERDAY        0.0                           0.0
  MONTH TO DATE    0.2                           0.9
  SINCE JUL 1     19.3                          18.2
  SNOW DEPTH       0

DEGREE DAYS
 HEATING
  YESTERDAY       13            11      2        1
  MONTH TO DATE  304           400    -96      350
  SINCE MAR 1    956          1228   -272     1243
  SINCE JUL 1   5685          6059   -374     6303

 COOLING
  YESTERDAY        0             0      0        0
  MONTH TO DATE    4             0      4        9
  SINCE MAR 1      4             0      4        9
  SINCE JAN 1      4             0      4        9
......................................................


WIND (MPH)
  HIGHEST WIND SPEED    MM   HIGHEST WIND DIRECTION    MM
  HIGHEST GUST SPEED    23   HIGHEST GUST DIRECTION    MM


SKY COVER
  POSSIBLE SUNSHINE  MM


WEATHER CONDITIONS
 THE FOLLOWING WEATHER WAS RECORDED YESTERDAY.
  NO SIGNIFICANT WEATHER WAS OBSERVED.


..........................................................


THE VALLEY  NWS, NEBRASKA CLIMATE NORMALS FOR TODAY
                         NORMAL
 MAXIMUM TEMPERATURE (F)   66
 MINIMUM TEMPERATURE (F)   44


SUNRISE AND SUNSET
APRIL 27 2015.........SUNRISE   629 AM CDT   SUNSET   818 PM CDT
APRIL 28 2015.........SUNRISE   627 AM CDT   SUNSET   819 PM CDT


-  INDICATES NEGATIVE NUMBERS.
R  INDICATES RECORD WAS SET OR TIED.
MM INDICATES DATA IS MISSING.
T  INDICATES TRACE AMOUNT.




$$
