000
CDUS43 KGID 192229
CLIODX


CLIMATE REPORT
NATIONAL WEATHER SERVICE HASTINGS NE
528 PM CDT SUN APR 19 2015


...................................

...THE ORD NE CLIMATE SUMMARY FOR APRIL 19 2015...
VALID TODAY AS OF 0500 PM LOCAL TIME.

CLIMATE NORMAL PERIOD 1981 TO 2010
CLIMATE RECORD PERIOD 1895 TO 2015


WEATHER ITEM   OBSERVED TIME   NORMAL DEPARTURE LAST
                VALUE   (LST)  VALUE  FROM      YEAR
                                      NORMAL
......................................................
TEMPERATURE (F)
 TODAY
  MAXIMUM         55    308 PM  63     -8       70
  MINIMUM         46    847 AM  37      9       47
  AVERAGE         51            50      1       59

PRECIPITATION (IN)
  TODAY            0.02          0.10  -0.08     0.00
  MONTH TO DATE    2.20          1.45   0.75     0.63
  SINCE MAR 1      2.23          2.90  -0.67     0.83
  SINCE JAN 1      2.97          3.71  -0.74     1.08

DEGREE DAYS
 HEATING
  TODAY           14            15     -1        6
  MONTH TO DATE  262           342    -80      369
  SINCE MAR 1    988          1188   -200     1316
  SINCE JUL 1   6120          6205    -85     6469

 COOLING
  TODAY            0             0      0        0
  MONTH TO DATE    4             0      4        0
  SINCE MAR 1      4             0      4        0
  SINCE JAN 1      4             0      4        0
......................................................


WIND (MPH)
  HIGHEST WIND SPEED    35   HIGHEST WIND DIRECTION     N (340)
  HIGHEST GUST SPEED    47   HIGHEST GUST DIRECTION     N (340)
  AVERAGE WIND SPEED    21.8


SKY COVER
  AVERAGE SKY COVER 0.9


WEATHER CONDITIONS
 THE FOLLOWING WEATHER WAS RECORDED TODAY.
  LIGHT RAIN


RELATIVE HUMIDITY (PERCENT)
 HIGHEST    89           200 AM
 LOWEST     38           300 PM
 AVERAGE    64

..........................................................


THE ORD NE CLIMATE NORMALS FOR TOMORROW
                         NORMAL
 MAXIMUM TEMPERATURE (F)   63
 MINIMUM TEMPERATURE (F)   38


SUNRISE AND SUNSET
APRIL 19 2015.........SUNRISE   650 AM CDT   SUNSET   821 PM CDT
APRIL 20 2015.........SUNRISE   649 AM CDT   SUNSET   822 PM CDT


-  INDICATES NEGATIVE NUMBERS.
R  INDICATES RECORD WAS SET OR TIED.
MM INDICATES DATA IS MISSING.
T  INDICATES TRACE AMOUNT.




$$
