000
CDUS43 KOAX 270624
CLIOFK


CLIMATE REPORT
NATIONAL WEATHER SERVICE OMAHA NEBRASKA
123 AM CDT MON APR 27 2015


...................................

...THE NORFOLK, NEBRASKA CLIMATE SUMMARY FOR APRIL 26 2015...

CLIMATE NORMAL PERIOD 1981 TO 2010
CLIMATE RECORD PERIOD 1888 TO 2015


WEATHER ITEM   OBSERVED TIME   RECORD YEAR NORMAL DEPARTURE LAST
                VALUE   (LST)  VALUE       VALUE  FROM      YEAR
                                                  NORMAL
..................................................................
TEMPERATURE (F)
 YESTERDAY
  MAXIMUM         64    450 PM  94    1981  66     -2       80
  MINIMUM         40   1141 PM  25    1950  42     -2       50
                                      1907
  AVERAGE         52                        54     -2       65

PRECIPITATION (IN)
  YESTERDAY        0.00          1.20 1924   0.10  -0.10     0.00
  MONTH TO DATE    1.94                      2.25  -0.31     2.62
  SINCE MAR 1      2.76                      4.02  -1.26     2.99
  SINCE JAN 1      3.64                      5.37  -1.73     3.55

SNOWFALL (IN)
  YESTERDAY        0.0                       0.1   -0.1      0.0
  MONTH TO DATE    0.2                       2.5   -2.3      4.5
  SINCE JUL 1     20.7                      30.4   -9.7     19.9
  SNOW DEPTH       0

DEGREE DAYS
 HEATING
  YESTERDAY       13                        12      1        0
  MONTH TO DATE  328                       428   -100      385
  SINCE MAR 1   1011                      1284   -273     1329
  SINCE JUL 1   6057                      6377   -320     6679

 COOLING
  YESTERDAY        0                         1     -1        0
  MONTH TO DATE    5                         8     -3        1
  SINCE MAR 1      5                         8     -3        1
  SINCE JAN 1      5                         8     -3        1
..................................................................


WIND (MPH)
  HIGHEST WIND SPEED    20   HIGHEST WIND DIRECTION    SE (120)
  HIGHEST GUST SPEED    25   HIGHEST GUST DIRECTION    SE (120)
  AVERAGE WIND SPEED     8.4


SKY COVER
  POSSIBLE SUNSHINE  MM
  AVERAGE SKY COVER 0.1


WEATHER CONDITIONS
 THE FOLLOWING WEATHER WAS RECORDED YESTERDAY.
  FOG


RELATIVE HUMIDITY (PERCENT)
 HIGHEST    92           600 AM
 LOWEST     30           300 PM
 AVERAGE    61

..........................................................


THE NORFOLK, NEBRASKA CLIMATE NORMALS FOR TODAY
                         NORMAL    RECORD    YEAR
 MAXIMUM TEMPERATURE (F)   66        94      1989
 MINIMUM TEMPERATURE (F)   42        19      1928


SUNRISE AND SUNSET
APRIL 27 2015.........SUNRISE   632 AM CDT   SUNSET   824 PM CDT
APRIL 28 2015.........SUNRISE   630 AM CDT   SUNSET   825 PM CDT


-  INDICATES NEGATIVE NUMBERS.
R  INDICATES RECORD WAS SET OR TIED.
MM INDICATES DATA IS MISSING.
T  INDICATES TRACE AMOUNT.




$$
