000
CDUS44 KOUN 250634
CLIOKC

CLIMATE REPORT
NATIONAL WEATHER SERVICE NORMAN OK
132 AM CDT SAT APR 25 2015


...................................

...THE OKLAHOMA CITY CLIMATE SUMMARY FOR APRIL 24 2015...

CLIMATE NORMAL PERIOD 1981 TO 2010
CLIMATE RECORD PERIOD 1890 TO 2015


WEATHER ITEM   OBSERVED TIME   RECORD YEAR NORMAL DEPARTURE LAST
                VALUE   (LST)  VALUE       VALUE  FROM      YEAR
                                                  NORMAL
..................................................................
TEMPERATURE (F)
 YESTERDAY
  MAXIMUM         73    203 PM  89    1901  75     -2       76
  MINIMUM         62   1159 PM  31    2013  53      9       51
  AVERAGE         68                        64      4       64

PRECIPITATION (IN)
  YESTERDAY        T             1.67 1948   0.12  -0.12      T
  MONTH TO DATE    2.53                      2.29   0.24     0.85
  SINCE JAN 1      7.36                      8.32  -0.96     2.54

SNOWFALL (IN)
  YESTERDAY        0.0           0.0    MM   0.0    0.0      0.0
  MONTH TO DATE    0.0                       0.0    0.0       T
  SINCE JUL 1     13.6                       7.6    6.0     10.2
  SNOW DEPTH       0

DEGREE DAYS
 HEATING
  YESTERDAY        0                         4     -4        1
  MONTH TO DATE   91                       154    -63      137
  SINCE JUL 1   3222                      3313    -91     3739

 COOLING
  YESTERDAY        3                         2      1        0
  MONTH TO DATE   50                        36     14       35
  SINCE JAN 1     60                        49     11       46
..................................................................


WIND (MPH)
  HIGHEST WIND SPEED    28   HIGHEST WIND DIRECTION     S (180)
  HIGHEST GUST SPEED    33   HIGHEST GUST DIRECTION     S (190)
  AVERAGE WIND SPEED    16.5


SKY COVER
  AVERAGE SKY COVER 0.9


WEATHER CONDITIONS
 THE FOLLOWING WEATHER WAS RECORDED YESTERDAY.
  LIGHT RAIN
  FOG


RELATIVE HUMIDITY (PERCENT)
 HIGHEST    93           200 AM
 LOWEST     68           100 PM
 AVERAGE    81

..........................................................


THE OKLAHOMA CITY CLIMATE NORMALS FOR TODAY
                         NORMAL    RECORD    YEAR
 MAXIMUM TEMPERATURE (F)   75        91      1939
 MINIMUM TEMPERATURE (F)   53        35      2013
                                             1910


SUNRISE AND SUNSET
APRIL 25 2015.........SUNRISE   646 AM CDT   SUNSET   811 PM CDT
APRIL 26 2015.........SUNRISE   645 AM CDT   SUNSET   812 PM CDT


-  INDICATES NEGATIVE NUMBERS.
R  INDICATES RECORD WAS SET OR TIED.
MM INDICATES DATA IS MISSING.
T  INDICATES TRACE AMOUNT.

$$
