000
CDUS46 KSEW 190830
CLIOLM


CLIMATE REPORT
NATIONAL WEATHER SERVICE SEATTLE WA
130 AM PDT SUN APR 19 2015


...................................

...THE OLYMPIA WA AIRPORT CLIMATE SUMMARY FOR APRIL 18 2015...

CLIMATE NORMAL PERIOD 1981 TO 2010
CLIMATE RECORD PERIOD 1948 TO 2015


WEATHER ITEM   OBSERVED TIME   RECORD YEAR NORMAL DEPARTURE LAST
                VALUE   (LST)  VALUE       VALUE  FROM      YEAR
                                                  NORMAL
..................................................................
TEMPERATURE (F)
 YESTERDAY
  MAXIMUM         70    426 PM  81    1962  59     11       60
  MINIMUM         39    147 AM  24    1964  38      1       40
  AVERAGE         55                        48      7       50

PRECIPITATION (IN)
  YESTERDAY        0.00          0.59 1967   0.11  -0.11     0.00
  MONTH TO DATE    1.24                      2.32  -1.08     1.57
  SINCE OCT 1     38.17                     41.41  -3.24    32.62
  SINCE JAN 1     19.14                     20.72  -1.58    23.78

DEGREE DAYS
 HEATING
  YESTERDAY       10                        17     -7       15
  MONTH TO DATE  318                       317      1      272
  SINCE MAR 1    843                       953   -110      849
  SINCE JUL 1   3878                      4675   -797     4632

 COOLING
  YESTERDAY        0                         0      0        0
  MONTH TO DATE    0                         0      0        0
  SINCE MAR 1      0                         0      0        0
  SINCE JAN 1      0                         0      0        0
..................................................................


WIND (MPH)
  RESULTANT WIND SPEED   6   RESULTANT WIND DIRECTION   N (20)
  HIGHEST WIND SPEED    15   HIGHEST WIND DIRECTION     N (20)
  HIGHEST GUST SPEED    21   HIGHEST GUST DIRECTION     N (20)
  AVERAGE WIND SPEED     6.5


SKY COVER
  AVERAGE SKY COVER 0.0


WEATHER CONDITIONS
 THE FOLLOWING WEATHER WAS RECORDED YESTERDAY.
  NO SIGNIFICANT WEATHER WAS OBSERVED.


RELATIVE HUMIDITY (PERCENT)
 HIGHEST    92           300 AM
 LOWEST     25           300 PM
 AVERAGE    59

..........................................................


THE OLYMPIA WA AIRPORT CLIMATE NORMALS FOR TODAY
                         NORMAL    RECORD    YEAR
 MAXIMUM TEMPERATURE (F)   59        78      1950
 MINIMUM TEMPERATURE (F)   38        26      1966
                                             1964


SUNRISE AND SUNSET
APRIL 19 2015.........SUNRISE   617 AM PDT   SUNSET   806 PM PDT
APRIL 20 2015.........SUNRISE   615 AM PDT   SUNSET   807 PM PDT


-  INDICATES NEGATIVE NUMBERS.
R  INDICATES RECORD WAS SET OR TIED.
MM INDICATES DATA IS MISSING.
T  INDICATES TRACE AMOUNT.




$$
