000
CDUS41 KAKQ 250535
CLIORF


CLIMATE REPORT
NATIONAL WEATHER SERVICE WAKEFIELD, VA
134 AM EDT SAT APR 25 2015


...................................

...THE NORFOLK VA CLIMATE SUMMARY FOR APRIL 24 2015...

CLIMATE NORMAL PERIOD 1981 TO 2010
CLIMATE RECORD PERIOD 1871 TO 2015


WEATHER ITEM   OBSERVED TIME   RECORD YEAR NORMAL DEPARTURE LAST
                VALUE   (LST)  VALUE       VALUE  FROM      YEAR
                                                  NORMAL
..................................................................
TEMPERATURE (F)
 YESTERDAY
  MAXIMUM         63    541 PM  95    1960  70     -7       63
  MINIMUM         49    807 AM  40    1951  51     -2       49
                                      1931
                                      1930
  AVERAGE         56                        61     -5       56

PRECIPITATION (IN)
  YESTERDAY        0.00          1.62 1983   0.11  -0.11     0.00
  MONTH TO DATE    3.81                      2.74   1.07     3.34
  SINCE MAR 1      6.50                      6.42   0.08     7.16
  SINCE JAN 1     12.68                     12.94  -0.26    13.45

SNOWFALL (IN)
  YESTERDAY        0.0           0.0  2002   0.0    0.0
  MONTH TO DATE    0.0                       0.0    0.0
  SINCE NOV 1     12.7                       5.8    6.9
  SINCE JUL 1     12.7                       5.8    6.9
  SNOW DEPTH       0

DEGREE DAYS
 HEATING
  YESTERDAY        9                         6      3        9
  MONTH TO DATE  134                       207    -73      198
  SINCE MAR 1    673                       699    -26      772
  SINCE JUL 1   3509                      3268    241     3383

 COOLING
  YESTERDAY        0                         2     -2        0
  MONTH TO DATE   23                        28     -5       18
  SINCE MAR 1     25                        34     -9       19
  SINCE JAN 1     25                        35    -10       19
..................................................................


WIND (MPH)
  HIGHEST WIND SPEED    24   HIGHEST WIND DIRECTION     N (20)
  HIGHEST GUST SPEED    30   HIGHEST GUST DIRECTION    NE (30)
  AVERAGE WIND SPEED     9.3


SKY COVER
  POSSIBLE SUNSHINE  MM
  AVERAGE SKY COVER 0.0


WEATHER CONDITIONS
 THE FOLLOWING WEATHER WAS RECORDED YESTERDAY.
  NO SIGNIFICANT WEATHER WAS OBSERVED.


RELATIVE HUMIDITY (PERCENT)
 HIGHEST    68          1200 AM
 LOWEST     19           600 PM
 AVERAGE    44

..........................................................


THE NORFOLK VA CLIMATE NORMALS FOR TODAY
                         NORMAL    RECORD    YEAR
 MAXIMUM TEMPERATURE (F)   70        96      1960
 MINIMUM TEMPERATURE (F)   52        38      1919


SUNRISE AND SUNSET
APRIL 25 2015.........SUNRISE   618 AM EDT   SUNSET   748 PM EDT
APRIL 26 2015.........SUNRISE   617 AM EDT   SUNSET   749 PM EDT


-  INDICATES NEGATIVE NUMBERS.
R  INDICATES RECORD WAS SET OR TIED.
MM INDICATES DATA IS MISSING.
T  INDICATES TRACE AMOUNT.




$$
