000
CDUS46 KOTX 010821
CLIOTX


CLIMATE REPORT
NATIONAL WEATHER SERVICE SPOKANE, WA
120 AM PDT WED APR 1 2015


...................................

...THE SPOKANE  WA WFO CLIMATE SUMMARY FOR MARCH 31 2015...

CLIMATE NORMAL PERIOD 1981 TO 2010
CLIMATE RECORD PERIOD 1881 TO 2015


WEATHER ITEM   OBSERVED TIME   RECORD YEAR NORMAL DEPARTURE LAST
                VALUE   (LST)  VALUE       VALUE  FROM      YEAR
                                                  NORMAL
..................................................................
TEMPERATURE (F)
 YESTERDAY
  MAXIMUM         55        MM  MM      MM  53      2       54
  MINIMUM         34        MM  MM      MM  33      1       26
  AVERAGE         45                        43      2       40

PRECIPITATION (IN)
  YESTERDAY        0.00         MM      MM   0.06  -0.06     0.00
  MONTH TO DATE    2.43                      1.71   0.72     2.60
  SINCE OCT 1     10.31                     11.07  -0.76     7.73
  SINCE JAN 1      5.60                      5.04   0.56     5.22

SNOWFALL (IN)
  YESTERDAY        0.0          MM      MM   0.2   -0.2      0.0
  MONTH TO DATE    0.4                       5.3   -4.9      4.8
  SINCE MAR 1      0.4                       5.3   -4.9      4.8
  SINCE JUL 1     15.5                      51.7  -36.2     31.0
  SNOW DEPTH       0

DEGREE DAYS
 HEATING
  YESTERDAY       20                        22     -2       25
  MONTH TO DATE  651                       808   -157      811
  SINCE MAR 1    651                       809   -158      811
  SINCE JUL 1   5085                      6008   -923     6142

 COOLING
  YESTERDAY        0                         0      0        0
  MONTH TO DATE    0                         0      0        0
  SINCE MAR 1      0                         0      0        0
  SINCE JAN 1      0                         0      0        0
..................................................................


WIND (MPH)
  HIGHEST WIND SPEED    MM   HIGHEST WIND DIRECTION    MM
  HIGHEST GUST SPEED     0   HIGHEST GUST DIRECTION     N (0)
  AVERAGE WIND SPEED    MM


SKY COVER
  POSSIBLE SUNSHINE   0 PERCENT
  AVERAGE SKY COVER 0.0


WEATHER CONDITIONS
 THE FOLLOWING WEATHER WAS RECORDED YESTERDAY.
  NO SIGNIFICANT WEATHER WAS OBSERVED.


RELATIVE HUMIDITY (PERCENT)
 HIGHEST     0          1200 AM
 LOWEST      0          1200 AM
 AVERAGE     0

..........................................................


THE SPOKANE  WA WFO CLIMATE NORMALS FOR TODAY
                         NORMAL    RECORD    YEAR
 MAXIMUM TEMPERATURE (F)   53        MM        MM
 MINIMUM TEMPERATURE (F)   33        MM        MM


SUNRISE AND SUNSET
APRIL  1 2015.........SUNRISE   629 AM PDT   SUNSET   720 PM PDT
APRIL  2 2015.........SUNRISE   627 AM PDT   SUNSET   722 PM PDT


-  INDICATES NEGATIVE NUMBERS.
R  INDICATES RECORD WAS SET OR TIED.
MM INDICATES DATA IS MISSING.
T  INDICATES TRACE AMOUNT.




$$
