000
CDUS43 KPAH 070633
CLIPAH


CLIMATE REPORT
NATIONAL WEATHER SERVICE PADUCAH KY
129 AM CDT THU MAY 7 2015


...................................

...THE PADUCAH KY CLIMATE SUMMARY FOR MAY 6 2015...

CLIMATE NORMAL PERIOD 1981 TO 2010
CLIMATE RECORD PERIOD 1937 TO 2015


WEATHER ITEM   OBSERVED TIME   RECORD YEAR NORMAL DEPARTURE LAST
                VALUE   (LST)  VALUE       VALUE  FROM      YEAR
                                                  NORMAL
..................................................................
TEMPERATURE (F)
 YESTERDAY
  MAXIMUM         85    406 PM  91    2012  75     10       86
  MINIMUM         55    453 AM  35    1968  53      2       63
  AVERAGE         70                        64      6       75

PRECIPITATION (IN)
  YESTERDAY        0.00          2.39 1961   0.17  -0.17     0.00
  MONTH TO DATE    0.00                      1.05  -1.05     0.00
  SINCE MAR 1     14.62                      9.74   4.88    12.12
  SINCE JAN 1     21.91                     17.33   4.58    17.30

SNOWFALL (IN)
  YESTERDAY        0.0                       0.0    0.0      0.0
  MONTH TO DATE    0.0                       0.0    0.0      0.0
  SINCE MAR 1     12.1                       0.6   11.5      5.6
  SINCE JUL 1     28.6                       9.1   19.5     18.5
  SNOW DEPTH       0

DEGREE DAYS
 HEATING
  YESTERDAY        0                         3     -3        0
  MONTH TO DATE   15                        21     -6       20
  SINCE MAR 1    771                       789    -18      849
  SINCE JUL 1   4440                      4085    355     4504

 COOLING
  YESTERDAY        5                         2      3       10
  MONTH TO DATE   24                        12     12       27
  SINCE MAR 1     66                        54     12       57
  SINCE JAN 1     66                        54     12       57
..................................................................


WIND (MPH)
  HIGHEST WIND SPEED    14   HIGHEST WIND DIRECTION    SE (150)
  HIGHEST GUST SPEED    19   HIGHEST GUST DIRECTION     S (170)
  AVERAGE WIND SPEED     4.5


SKY COVER
  POSSIBLE SUNSHINE  MM
  AVERAGE SKY COVER 0.1


WEATHER CONDITIONS
 THE FOLLOWING WEATHER WAS RECORDED YESTERDAY.
  FOG


RELATIVE HUMIDITY (PERCENT)
 HIGHEST    93           500 AM
 LOWEST     34           300 PM
 AVERAGE    64

..........................................................


THE PADUCAH KY CLIMATE NORMALS FOR TODAY
                         NORMAL    RECORD    YEAR
 MAXIMUM TEMPERATURE (F)   76        90      1940
 MINIMUM TEMPERATURE (F)   54        32      1944


SUNRISE AND SUNSET
MAY  7 2015...........SUNRISE   554 AM CDT   SUNSET   749 PM CDT
MAY  8 2015...........SUNRISE   553 AM CDT   SUNSET   750 PM CDT


-  INDICATES NEGATIVE NUMBERS.
R  INDICATES RECORD WAS SET OR TIED.
MM INDICATES DATA IS MISSING.
T  INDICATES TRACE AMOUNT.

&&
.........................................................
***** AGRICULTURAL DATA *****

SOIL TEMPERATURES AT A DEPTH OF FOUR INCHES

UNDER GRASS...  MAX: 65  MIN: 60

$$
