000
CDUS46 KPQR 031141
CLIPDX


CLIMATE REPORT
NATIONAL WEATHER SERVICE PORTLAND OREGON
440 AM PDT SUN MAY 3 2015


...................................

...THE PORTLAND OR CLIMATE SUMMARY FOR MAY 2 2015...

CLIMATE NORMAL PERIOD 1981 TO 2010
CLIMATE RECORD PERIOD 1940 TO 2015


WEATHER ITEM   OBSERVED TIME   RECORD YEAR NORMAL DEPARTURE LAST
                VALUE   (LST)  VALUE       VALUE  FROM      YEAR
                                                  NORMAL
..................................................................
TEMPERATURE (F)
 YESTERDAY
  MAXIMUM         70    430 PM  89    1945  65      5       76
  MINIMUM         48    256 AM  32    1964  46      2       54
  AVERAGE         59                        55      4       65

PRECIPITATION (IN)
  YESTERDAY        0.00          0.71 1975   0.08  -0.08      T
  MONTH TO DATE    0.00                      0.15  -0.15      T
  SINCE OCT 1     28.48                     29.22  -0.74    24.19
  SINCE JAN 1     13.50                     15.10  -1.60    18.37

DEGREE DAYS
 HEATING
  YESTERDAY        6                        10     -4        0
  MONTH TO DATE    9                        20    -11        0
  SINCE MAR 1    752                       925   -173      816
  SINCE JUL 1   3224                      3983   -759     4114

 COOLING
  YESTERDAY        0                         0      0        0
  MONTH TO DATE    0                         0      0        6
  SINCE MAR 1      2                         1      1        9
  SINCE JAN 1      2                         1      1        9
..................................................................


WIND (MPH)
  HIGHEST WIND SPEED    17   HIGHEST WIND DIRECTION    NW (320)
  HIGHEST GUST SPEED    24   HIGHEST GUST DIRECTION    NW (320)
  AVERAGE WIND SPEED     7.8


SKY COVER
  POSSIBLE SUNSHINE  MM
  AVERAGE SKY COVER 0.4


WEATHER CONDITIONS
 THE FOLLOWING WEATHER WAS RECORDED YESTERDAY.
  NO SIGNIFICANT WEATHER WAS OBSERVED.


RELATIVE HUMIDITY (PERCENT)
 HIGHEST    80           200 AM
 LOWEST     33           500 PM
 AVERAGE    57

..........................................................


THE PORTLAND OR CLIMATE NORMALS FOR TODAY
                         NORMAL    RECORD    YEAR
 MAXIMUM TEMPERATURE (F)   65        89      1992
 MINIMUM TEMPERATURE (F)   46        33      1964


SUNRISE AND SUNSET
MAY  3 2015...........SUNRISE   556 AM PDT   SUNSET   820 PM PDT
MAY  4 2015...........SUNRISE   554 AM PDT   SUNSET   821 PM PDT


-  INDICATES NEGATIVE NUMBERS.
R  INDICATES RECORD WAS SET OR TIED.
MM INDICATES DATA IS MISSING.
T  INDICATES TRACE AMOUNT.




$$
