000
CDUS41 KPHI 070626
CLIPHL


CLIMATE REPORT
NATIONAL WEATHER SERVICE MOUNT HOLLY NJ
226 AM EDT THU MAY 7 2015


...................................

...THE PHILADELPHIA PA CLIMATE SUMMARY FOR MAY 6 2015...

CLIMATE NORMAL PERIOD 1981 TO 2010
CLIMATE RECORD PERIOD 1872 TO 2015


WEATHER ITEM   OBSERVED TIME   RECORD YEAR NORMAL DEPARTURE LAST
                VALUE   (LST)  VALUE       VALUE  FROM      YEAR
                                                  NORMAL
..................................................................
TEMPERATURE (F)
 YESTERDAY
  MAXIMUM         77    324 PM  90    1986  71      6       73
  MINIMUM         57   1159 PM  36    1891  51      6       50
  AVERAGE         67                        61      6       62

PRECIPITATION (IN)
  YESTERDAY        T             2.00 1956   0.12  -0.12     0.00
  MONTH TO DATE    T                         0.66  -0.66     0.13
  SINCE MAR 1      9.10                      8.01   1.09    11.05
  SINCE JAN 1     15.98                     13.69   2.29    19.72

SNOWFALL (IN)
  YESTERDAY        0.0           T    1891   0.0    0.0      0.0
  MONTH TO DATE    0.0                       0.0    0.0      0.0
  SINCE MAR 1     12.0                       3.4    8.6      8.5
  SINCE JUL 1     27.0                      22.4    4.6     68.0
  SNOW DEPTH       0

DEGREE DAYS
 HEATING
  YESTERDAY        0                         5     -5        3
  MONTH TO DATE   12                        36    -24       22
  SINCE MAR 1   1091                      1044     47     1162
  SINCE JUL 1   4744                      4526    218     4818

 COOLING
  YESTERDAY        2                         1      1        0
  MONTH TO DATE   16                         6     10        6
  SINCE MAR 1     19                        19      0       15
  SINCE JAN 1     19                        19      0       15
..................................................................


WIND (MPH)
  HIGHEST WIND SPEED    20   HIGHEST WIND DIRECTION    NE (40)
  HIGHEST GUST SPEED    25   HIGHEST GUST DIRECTION     E (80)
  AVERAGE WIND SPEED     7.4


SKY COVER
  POSSIBLE SUNSHINE  MM
  AVERAGE SKY COVER 0.8


WEATHER CONDITIONS
 THE FOLLOWING WEATHER WAS RECORDED YESTERDAY.
  LIGHT RAIN
  FOG


RELATIVE HUMIDITY (PERCENT)
 HIGHEST    87           300 AM
 LOWEST     36           200 PM
 AVERAGE    62

..........................................................


THE PHILADELPHIA PA CLIMATE NORMALS FOR TODAY
                         NORMAL    RECORD    YEAR
 MAXIMUM TEMPERATURE (F)   71        94      1930
 MINIMUM TEMPERATURE (F)   51        35      1970


SUNRISE AND SUNSET
MAY  7 2015...........SUNRISE   554 AM EDT   SUNSET   801 PM EDT
MAY  8 2015...........SUNRISE   553 AM EDT   SUNSET   802 PM EDT


-  INDICATES NEGATIVE NUMBERS.
R  INDICATES RECORD WAS SET OR TIED.
MM INDICATES DATA IS MISSING.
T  INDICATES TRACE AMOUNT.




$$
