000
CDUS43 KUNR 070836
CLIPHP


CLIMATE REPORT
NATIONAL WEATHER SERVICE RAPID CITY SD
236 AM MDT THU MAY 7 2015


...................................

...THE PHILIP SD CLIMATE SUMMARY FOR MAY 6 2015...

CLIMATE NORMAL PERIOD 1981 TO 2010
CLIMATE RECORD PERIOD 9999 TO 9999


WEATHER ITEM   OBSERVED TIME   NORMAL DEPARTURE LAST
                VALUE   (LST)  VALUE  FROM      YEAR
                                      NORMAL
......................................................
TEMPERATURE (F)
 YESTERDAY
  MAXIMUM         71   1115 AM  67      4       68
  MINIMUM         53   1159 PM  40     13       46
  AVERAGE         62            54      8       57

PRECIPITATION (IN)
  YESTERDAY        1.80          0.10   1.70     0.00
  MONTH TO DATE    1.80          0.57   1.23     0.01
  SINCE MAR 1      2.23          3.68  -1.45     1.97
  SINCE JAN 1      2.34          4.46  -2.12     2.45

DEGREE DAYS
 HEATING
  YESTERDAY        3            12     -9        8
  MONTH TO DATE   38            75    -37       84
  SINCE MAR 1   1269          1577   -308     1643
  SINCE JUL 1   6409          6942   -533     7246

 COOLING
  YESTERDAY        0             1     -1        0
  MONTH TO DATE    2             1      1        0
  SINCE MAR 1      5             4      1        0
  SINCE JAN 1      5             4      1        0
......................................................


WIND (MPH)
  HIGHEST WIND SPEED    24   HIGHEST WIND DIRECTION    NW (310)
  HIGHEST GUST SPEED    31   HIGHEST GUST DIRECTION    NW (320)
  AVERAGE WIND SPEED     9.2


SKY COVER
  AVERAGE SKY COVER 1.0


WEATHER CONDITIONS
 THE FOLLOWING WEATHER WAS RECORDED YESTERDAY.
  THUNDERSTORM
  HEAVY RAIN
  RAIN
  LIGHT RAIN
  FOG


RELATIVE HUMIDITY (PERCENT)
 HIGHEST   100           300 AM
 LOWEST     61          1100 AM
 AVERAGE    81

..........................................................




SUNRISE AND SUNSET
MAY  7 2015...........SUNRISE   530 AM MDT   SUNSET   757 PM MDT
MAY  8 2015...........SUNRISE   529 AM MDT   SUNSET   758 PM MDT


-  INDICATES NEGATIVE NUMBERS.
R  INDICATES RECORD WAS SET OR TIED.
MM INDICATES DATA IS MISSING.
T  INDICATES TRACE AMOUNT.




$$
