000
CDUS45 KPIH 060733
CLIPIH


CLIMATE REPORT
NATIONAL WEATHER SERVICE POCATELLO ID
132 AM MDT WED MAY 6 2015


...................................

...THE POCATELLO ID CLIMATE SUMMARY FOR MAY 5 2015...

CLIMATE NORMAL PERIOD 1981 TO 2010
CLIMATE RECORD PERIOD 1939 TO 2015


WEATHER ITEM   OBSERVED TIME   RECORD YEAR NORMAL DEPARTURE LAST
                VALUE   (LST)  VALUE       VALUE  FROM      YEAR
                                                  NORMAL
..................................................................
TEMPERATURE (F)
 YESTERDAY
  MAXIMUM         73    512 PM  87    1966  64      9       61
  MINIMUM         45    344 AM  21    2010  37      8       46
                                      1982
  AVERAGE         59                        51      8       54

PRECIPITATION (IN)
  YESTERDAY        0.00          0.56 1993   0.05  -0.05     0.00
  MONTH TO DATE    T                         0.24  -0.24     0.00
  SINCE OCT 1      4.15                      7.83  -3.68     6.74
  SINCE JAN 1      1.76                      4.61  -2.85     5.37

SNOWFALL (IN)
  YESTERDAY        0.0
  MONTH TO DATE    0.0
  SINCE MAR 1      5.5
  SINCE JUL 1     20.3
  SNOW DEPTH       0

DEGREE DAYS
 HEATING
  YESTERDAY        6                        14     -8       11
  MONTH TO DATE   32                        74    -42       37
  SINCE MAR 1   1222                      1495   -273     1327
  SINCE JUL 1   5563                      6768  -1205     6307

 COOLING
  YESTERDAY        0                         0      0        0
  MONTH TO DATE    0                         0      0        0
  SINCE MAR 1      0                         0      0        0
  SINCE JAN 1      0                         0      0        0
..................................................................


WIND (MPH)
  HIGHEST WIND SPEED    28   HIGHEST WIND DIRECTION    SW (240)
  HIGHEST GUST SPEED    34   HIGHEST GUST DIRECTION    SW (240)
  AVERAGE WIND SPEED    10.2


SKY COVER
  POSSIBLE SUNSHINE  MM
  AVERAGE SKY COVER 0.3


WEATHER CONDITIONS
 THE FOLLOWING WEATHER WAS RECORDED YESTERDAY.
  NO SIGNIFICANT WEATHER WAS OBSERVED.


RELATIVE HUMIDITY (PERCENT)
 HIGHEST    77           500 AM
 LOWEST     27           500 PM
 AVERAGE    52

..........................................................


THE POCATELLO ID CLIMATE NORMALS FOR TODAY
                         NORMAL    RECORD    YEAR
 MAXIMUM TEMPERATURE (F)   65        88      1992
 MINIMUM TEMPERATURE (F)   37        25      2003


SUNRISE AND SUNSET
MAY  6 2015...........SUNRISE   618 AM MDT   SUNSET   837 PM MDT
MAY  7 2015...........SUNRISE   617 AM MDT   SUNSET   838 PM MDT


-  INDICATES NEGATIVE NUMBERS.
R  INDICATES RECORD WAS SET OR TIED.
MM INDICATES DATA IS MISSING.
T  INDICATES TRACE AMOUNT.




$$
