000
CDUS41 KPBZ 281222
CLIPIT

CLIMATE REPORT
NATIONAL WEATHER SERVICE PITTSBURGH PA
822 AM EDT TUE APR 28 2015

...................................

...THE PITTSBURGH PA CLIMATE SUMMARY FOR APRIL 28 2015...
VALID AS OF 0800 AM LOCAL TIME.

CLIMATE NORMAL PERIOD 1981 TO 2010
CLIMATE RECORD PERIOD 1871 TO 2015

WEATHER ITEM   OBSERVED TIME   RECORD YEAR NORMAL DEPARTURE LAST
                VALUE   (LST)  VALUE       VALUE  FROM      YEAR
                                                  NORMAL
..................................................................
TEMPERATURE (F)
 TODAY
  MINIMUM         36    550 AM  29    1934  44     -8       45

PRECIPITATION (IN)
  TODAY            0.00          1.82 1874   0.10  -0.10     0.35
  MONTH TO DATE    3.62                      2.90   0.72     3.48
  SINCE JUN 1     33.18                     34.03  -0.85    34.09
  SINCE JAN 1     11.43                     10.94   0.49     9.78

SNOWFALL (IN)
  TODAY            0.0           3.0  1928   0.0    0.0      0.0
  MONTH TO DATE    0.3                       1.5   -1.2      0.1
  SINCE OCT 1     47.5                      41.9    5.6     63.4
  SINCE JUL 1     47.5                      41.9    5.6     63.4
  SNOW DEPTH       0

DEGREE DAYS
 HEATING
  TODAY           26

 COOLING
  TODAY            0
..................................................................


WEATHER CONDITIONS
 THE FOLLOWING WEATHER WAS RECORDED TODAY.
  NO SIGNIFICANT WEATHER WAS OBSERVED.


RELATIVE HUMIDITY (PERCENT)
 HIGHEST    92           500 AM

..........................................................


THE PITTSBURGH PA CLIMATE NORMALS FOR TOMORROW
                         NORMAL    RECORD    YEAR
 MAXIMUM TEMPERATURE (F)   66        88      1899
 MINIMUM TEMPERATURE (F)   44        28      1977


SUNRISE AND SUNSET
APRIL 28 2015.........SUNRISE   624 AM EDT   SUNSET   813 PM EDT
APRIL 29 2015.........SUNRISE   623 AM EDT   SUNSET   814 PM EDT


-  INDICATES NEGATIVE NUMBERS.
R  INDICATES RECORD WAS SET OR TIED.
MM INDICATES DATA IS MISSING.
T  INDICATES TRACE AMOUNT.

&&

SNOW DEPTH IS MEASURED AT 7 AM EST OR 8 AM EDT.

$$
