000
CDUS41 KRLX 202122
CLIPKB


CLIMATE REPORT
NATIONAL WEATHER SERVICE CHARLESTON WV
518 PM EDT MON APR 20 2015


...................................

...THE PARKERSBURG WV CLIMATE SUMMARY FOR APRIL 20 2015...
VALID TODAY AS OF 0500 PM LOCAL TIME.

CLIMATE NORMAL PERIOD 1981 TO 2010
CLIMATE RECORD PERIOD 1889 TO 2015


WEATHER ITEM   OBSERVED TIME   RECORD YEAR NORMAL DEPARTURE LAST
                VALUE   (LST)  VALUE       VALUE  FROM      YEAR
                                                  NORMAL
..................................................................
TEMPERATURE (F)
 TODAY
  MAXIMUM         72   1219 PM  91    1976  68      4       MM
  MINIMUM         58    221 AM  25    1926  43     15       38
  AVERAGE         65                        56      9       MM

PRECIPITATION (IN)
  TODAY            0.13          0.53 2001   0.11   0.02     0.00
  MONTH TO DATE    5.93                      2.15   3.78       MM
  SINCE MAR 1     11.52                      5.88   5.64       MM
  SINCE JAN 1     15.41                     11.53   3.88       MM

DEGREE DAYS
 HEATING
  TODAY            0                        10    -10       MM
  MONTH TO DATE  144                       258   -114       MM
  SINCE MAR 1    885                       929    -44       MM
  SINCE JUL 1   5103                      4719    384       MM

 COOLING
  TODAY            0                         1     -1       MM
  MONTH TO DATE   12                        10      2       MM
  SINCE MAR 1     12                        13     -1       MM
  SINCE JAN 1     12                        13     -1       MM
..................................................................


WIND (MPH)
  HIGHEST WIND SPEED    26   HIGHEST WIND DIRECTION    SW (240)
  HIGHEST GUST SPEED    39   HIGHEST GUST DIRECTION    SW (230)
  AVERAGE WIND SPEED    13.1


SKY COVER
  POSSIBLE SUNSHINE  MM
  AVERAGE SKY COVER 0.8


WEATHER CONDITIONS
 THE FOLLOWING WEATHER WAS RECORDED TODAY.
  THUNDERSTORM
  LIGHT RAIN
  FOG


RELATIVE HUMIDITY (PERCENT)
 HIGHEST    93           200 AM
 LOWEST     47           100 PM
 AVERAGE    70

..........................................................


THE PARKERSBURG WV CLIMATE NORMALS FOR TOMORROW
                         NORMAL    RECORD    YEAR
 MAXIMUM TEMPERATURE (F)   68        91      1985
 MINIMUM TEMPERATURE (F)   44        27      1953


SUNRISE AND SUNSET
APRIL 20 2015.........SUNRISE   642 AM EDT   SUNSET   808 PM EDT
APRIL 21 2015.........SUNRISE   641 AM EDT   SUNSET   809 PM EDT


-  INDICATES NEGATIVE NUMBERS.
R  INDICATES RECORD WAS SET OR TIED.
MM INDICATES DATA IS MISSING.
T  INDICATES TRACE AMOUNT.




$$
