000
CDUS46 KLOX 030900
CLIPRB


CLIMATE REPORT
NATIONAL WEATHER SERVICE LOS ANGELES/OXNARD CA
200 AM PDT SUN MAY 3 2015


...................................

...THE PASO ROBLES AIRPORT CA CLIMATE SUMMARY FOR MAY 2 2015...

CLIMATE NORMAL PERIOD 1981 TO 2010
CLIMATE RECORD PERIOD 1948 TO 2015


WEATHER ITEM   OBSERVED TIME   RECORD YEAR NORMAL DEPARTURE LAST
                VALUE   (LST)  VALUE       VALUE  FROM      YEAR
                                                  NORMAL
..................................................................
TEMPERATURE (F)
 YESTERDAY
  MAXIMUM         84   1240 PM 101    1966  77      7       98
  MINIMUM         40    518 AM  32    1991  44     -4       49
  AVERAGE         62                        60      2       74

PRECIPITATION (IN)
  YESTERDAY        0.00          0.64 2003   0.01  -0.01     0.00
  MONTH TO DATE    0.00                      0.03  -0.03     0.00
  SINCE OCT 1      8.48                     12.20  -3.72     4.92
  SINCE JAN 1      2.76                      8.54  -5.78     4.46

SNOWFALL (IN)
  YESTERDAY        0.0
  MONTH TO DATE    0.0
  SINCE MAR 1      0.0
  SINCE JUL 1      0.0

DEGREE DAYS
 HEATING
  YESTERDAY        3                         5     -2        0
  MONTH TO DATE    3                        11     -8        0
  SINCE MAR 1    331                       630   -299      370
  SINCE JUL 1   1691                      2723  -1032     2075

 COOLING
  YESTERDAY        0                         1     -1        9
  MONTH TO DATE    4                         2      2       16
  SINCE MAR 1     44                        11     33       34
  SINCE JAN 1     44                        11     33       34
..................................................................


WIND (MPH)
  HIGHEST WIND SPEED    20   HIGHEST WIND DIRECTION    SW (230)
  HIGHEST GUST SPEED    29   HIGHEST GUST DIRECTION    SW (220)
  AVERAGE WIND SPEED     6.6


SKY COVER
  POSSIBLE SUNSHINE  MM
  AVERAGE SKY COVER 0.0


WEATHER CONDITIONS
 THE FOLLOWING WEATHER WAS RECORDED YESTERDAY.
  NO SIGNIFICANT WEATHER WAS OBSERVED.


RELATIVE HUMIDITY (PERCENT)
 HIGHEST    82           400 AM
 LOWEST     10          1200 PM
 AVERAGE    46

..........................................................


THE PASO ROBLES AIRPORT CA CLIMATE NORMALS FOR TODAY
                         NORMAL    RECORD    YEAR
 MAXIMUM TEMPERATURE (F)   78       101      2004
 MINIMUM TEMPERATURE (F)   44        31      1964


SUNRISE AND SUNSET
MAY  3 2015...........SUNRISE   609 AM PDT   SUNSET   751 PM PDT
MAY  4 2015...........SUNRISE   608 AM PDT   SUNSET   752 PM PDT


-  INDICATES NEGATIVE NUMBERS.
R  INDICATES RECORD WAS SET OR TIED.
MM INDICATES DATA IS MISSING.
T  INDICATES TRACE AMOUNT.




$$
