000
CDUS46 KSGX 251420
CLIPSP


CLIMATE REPORT
NATIONAL WEATHER SERVICE SAN DIEGO, CA
720 AM PDT SAT APR 25 2015


...................................

...THE PALM SPRINGS INTL AIRPORT CA CLIMATE SUMMARY FOR APRIL 24 2015...

CLIMATE NORMAL PERIOD 1981 TO 2010
CLIMATE RECORD PERIOD 1893 TO 2015


WEATHER ITEM   OBSERVED TIME   RECORD YEAR NORMAL DEPARTURE LAST
                VALUE   (LST)  VALUE       VALUE  FROM      YEAR
                                                  NORMAL
..................................................................
TEMPERATURE (F)
 YESTERDAY
  MAXIMUM         80    253 PM 102    1996  87     -7       91
                                      1949
                                      1946
  MINIMUM         60    449 AM  43    1960  59      1       59
  AVERAGE         70                        73     -3       75

PRECIPITATION (IN)
  YESTERDAY        0.00          0.07 2002   0.00   0.00     0.00
  MONTH TO DATE    T                         0.09  -0.09      T
  SINCE OCT 1      2.09                      4.58  -2.49     0.88
  SINCE JAN 1      1.22                      2.73  -1.51     0.70

SNOWFALL (IN)
  YESTERDAY        0.0
  MONTH TO DATE    0.0
  SINCE MAR 1      0.0
  SINCE JUL 1      0.0
  SNOW DEPTH       0

DEGREE DAYS
 HEATING
  YESTERDAY        0                         0      0        0
  MONTH TO DATE    1                        17    -16        8
  SINCE MAR 1     30                        90    -60       20
  SINCE JUL 1    401                       868   -467      431

 COOLING
  YESTERDAY        5                         8     -3       10
  MONTH TO DATE  197                       145     52      243
  SINCE MAR 1    508                       238    270      410
  SINCE JAN 1    628                       265    363      518
..................................................................


WIND (MPH)
  RESULTANT WIND SPEED   9   RESULTANT WIND DIRECTION  NW (320)
  HIGHEST WIND SPEED    29   HIGHEST WIND DIRECTION    NW (320)
  HIGHEST GUST SPEED    37   HIGHEST GUST DIRECTION    NW (320)
  AVERAGE WIND SPEED    11.0


SKY COVER
  POSSIBLE SUNSHINE  MM
  AVERAGE SKY COVER 0.1


WEATHER CONDITIONS
 THE FOLLOWING WEATHER WAS RECORDED YESTERDAY.
  NO SIGNIFICANT WEATHER WAS OBSERVED.


RELATIVE HUMIDITY (PERCENT)
 HIGHEST    60           600 AM
 LOWEST     28           300 PM
 AVERAGE    44

..........................................................


THE PALM SPRINGS INTL AIRPORT CA CLIMATE NORMALS FOR TODAY
                         NORMAL    RECORD    YEAR
 MAXIMUM TEMPERATURE (F)   87       104      1926
 MINIMUM TEMPERATURE (F)   59        40      1953


SUNRISE AND SUNSET
APRIL 25 2015.........SUNRISE   604 AM PDT   SUNSET   725 PM PDT
APRIL 26 2015.........SUNRISE   603 AM PDT   SUNSET   725 PM PDT


-  INDICATES NEGATIVE NUMBERS.
R  INDICATES RECORD WAS SET OR TIED.
MM INDICATES DATA IS MISSING.
T  INDICATES TRACE AMOUNT.




$$
