000
CDUS45 KPUB 251038
CLIPUB


CLIMATE REPORT
NATIONAL WEATHER SERVICE PUEBLO
438 AM MDT SAT APR 25 2015


...................................

...THE PUEBLO CO CLIMATE SUMMARY FOR APRIL 24 2015...

CLIMATE NORMAL PERIOD 1981 TO 2010
CLIMATE RECORD PERIOD 1888 TO 2015


WEATHER ITEM   OBSERVED TIME   RECORD YEAR NORMAL DEPARTURE LAST
                VALUE   (LST)  VALUE       VALUE  FROM      YEAR
                                                  NORMAL
..................................................................
TEMPERATURE (F)
 YESTERDAY
  MAXIMUM         71   1254 PM  92    2012  70      1       69
  MINIMUM         36    419 AM  19    2013  37     -1       34
  AVERAGE         54                        53      1       52

PRECIPITATION (IN)
  YESTERDAY        T             1.73 1980   0.05  -0.05     0.00
  MONTH TO DATE    0.65                      1.07  -0.42     1.20
  SINCE MAR 1      1.22                      2.00  -0.78     1.96
  SINCE JAN 1      2.60                      2.65  -0.05     2.69

SNOWFALL (IN)
  YESTERDAY        0.0           5.6  1980   0.1   -0.1      0.0
  MONTH TO DATE    T                         3.3   -3.3      8.3
  SINCE MAR 1      1.7                       9.0   -7.3     10.7
  SINCE JUL 1     42.8                      30.8   12.0     29.3
  SNOW DEPTH       0

DEGREE DAYS
 HEATING
  YESTERDAY       11                        12     -1       13
  MONTH TO DATE  310                       371    -61      305
  SINCE MAR 1    918                      1073   -155      977
  SINCE JUL 1   4940                      5376   -436     5182

 COOLING
  YESTERDAY        0                         0      0        0
  MONTH TO DATE    0                         0      0        2
  SINCE MAR 1      0                         0      0        2
  SINCE JAN 1      0                         0      0        2
..................................................................


WIND (MPH)
  HIGHEST WIND SPEED    26   HIGHEST WIND DIRECTION    NW (310)
  HIGHEST GUST SPEED    38   HIGHEST GUST DIRECTION    NW (300)
  AVERAGE WIND SPEED     5.8


SKY COVER
  POSSIBLE SUNSHINE  MM
  AVERAGE SKY COVER 0.0


WEATHER CONDITIONS
 THE FOLLOWING WEATHER WAS RECORDED YESTERDAY.
  THUNDERSTORM
  LIGHT RAIN


RELATIVE HUMIDITY (PERCENT)
 HIGHEST    86           300 AM
 LOWEST     17           100 PM
 AVERAGE    52

..........................................................


THE PUEBLO CO CLIMATE NORMALS FOR TODAY
                         NORMAL    RECORD    YEAR
 MAXIMUM TEMPERATURE (F)   70        88      2012
                                             1981
                                             1949
 MINIMUM TEMPERATURE (F)   37        22      1950


SUNRISE AND SUNSET
APRIL 25 2015.........SUNRISE   609 AM MDT   SUNSET   744 PM MDT
APRIL 26 2015.........SUNRISE   608 AM MDT   SUNSET   745 PM MDT


-  INDICATES NEGATIVE NUMBERS.
R  INDICATES RECORD WAS SET OR TIED.
MM INDICATES DATA IS MISSING.
T  INDICATES TRACE AMOUNT.




$$
