000
CDUS46 KOTX 010821
CLIPUW


CLIMATE REPORT
NATIONAL WEATHER SERVICE SPOKANE, WA
120 AM PDT WED APR 1 2015


...................................

...THE PULLMAN-MOSCOW  AIRPORT CLIMATE SUMMARY FOR MARCH 31 2015...

CLIMATE NORMAL PERIOD 1981 TO 2010
CLIMATE RECORD PERIOD 9999 TO 9999


WEATHER ITEM   OBSERVED TIME   RECORD YEAR NORMAL DEPARTURE LAST
                VALUE   (LST)  VALUE       VALUE  FROM      YEAR
                                                  NORMAL
..................................................................
TEMPERATURE (F)
 YESTERDAY
  MAXIMUM         50    726 AM  72    1994  52     -2       54
  MINIMUM         36   1148 PM  21    1975  34      2       33
  AVERAGE         43                        43      0       44

PRECIPITATION (IN)
  YESTERDAY        0.02          1.85 1971   0.07  -0.05     0.00
  MONTH TO DATE    2.50                      2.05   0.45     2.82
  SINCE OCT 1     13.10                     10.59   2.51    10.60
  SINCE JAN 1      6.25                      5.39   0.86     7.26

SNOWFALL (IN)
  YESTERDAY       MM

DEGREE DAYS
 HEATING
  YESTERDAY       22                        22      0       21
  MONTH TO DATE  597                       756   -159      714
  SINCE MAR 1    597                       756   -159      714
  SINCE JUL 1   4428                      5459  -1031     5565

 COOLING
  YESTERDAY        0                         0      0        0
  MONTH TO DATE    0                         0      0        0
  SINCE MAR 1      0                         0      0        0
  SINCE JAN 1      0                         0      0        0
..................................................................


WIND (MPH)
  HIGHEST WIND SPEED    28   HIGHEST WIND DIRECTION     W (250)
  HIGHEST GUST SPEED    36   HIGHEST GUST DIRECTION    SW (240)
  AVERAGE WIND SPEED    12.4


SKY COVER
  POSSIBLE SUNSHINE  MM
  AVERAGE SKY COVER 0.5


WEATHER CONDITIONS
 THE FOLLOWING WEATHER WAS RECORDED YESTERDAY.
  LIGHT RAIN


RELATIVE HUMIDITY (PERCENT)
 HIGHEST    86           100 AM
 LOWEST     39           600 PM
 AVERAGE    63

..........................................................


THE PULLMAN-MOSCOW  AIRPORT CLIMATE NORMALS FOR TODAY
                         NORMAL    RECORD    YEAR
 MAXIMUM TEMPERATURE (F)   53        71      1991
 MINIMUM TEMPERATURE (F)   34        25      2010
                                             1975


SUNRISE AND SUNSET
APRIL  1 2015.........SUNRISE   628 AM PDT   SUNSET   717 PM PDT
APRIL  2 2015.........SUNRISE   626 AM PDT   SUNSET   719 PM PDT


-  INDICATES NEGATIVE NUMBERS.
R  INDICATES RECORD WAS SET OR TIED.
MM INDICATES DATA IS MISSING.
T  INDICATES TRACE AMOUNT.




$$
