000
CDUS46 KSTO 060052
CLIRDD

CLIMATE REPORT
NATIONAL WEATHER SERVICE SACRAMENTO, CA
552 PM PDT TUE MAY 5 2015


...................................

...THE REDDING AIRPORT CA CLIMATE SUMMARY FOR MAY 5 2015...
VALID TODAY AS OF 0500 PM LOCAL TIME.

CLIMATE NORMAL PERIOD 1981 TO 2010
CLIMATE RECORD PERIOD 1986 TO 2015


WEATHER ITEM   OBSERVED RECORD YEAR NORMAL DEPARTURE LAST
                VALUE   VALUE       VALUE  FROM      YEAR
                                           NORMAL
...........................................................
TEMPERATURE (F)
 TODAY
  MAXIMUM         83    103    1992  77      6       72
  MINIMUM         54     41    2003  51      3       49
  AVERAGE         69

PRECIPITATION (IN)
  TODAY            0.00   0.25 2005   0.06  -0.06      T
  MONTH TO DATE    0.00               0.32  -0.32      T
  SINCE OCT 1     22.13              31.49  -9.36    16.23
  SINCE JAN 1      5.88              18.64 -12.76    14.12

SNOWFALL (IN)
  TODAY            0.0   MM      MM  MM              MM
  MONTH TO DATE    0.0               MM               0.0
  SINCE MAR 1      0.0               MM               0.0
  SINCE JUL 1      0.0               MM               5.0

DEGREE DAYS
 HEATING
  TODAY            0

 COOLING
  TODAY            4
...........................................................


WIND (MPH)
  RESULTANT WIND SPEED   3   RESULTANT WIND DIRECTION  SE (150)
  HIGHEST WIND SPEED    14   HIGHEST WIND DIRECTION     S (160)
  HIGHEST GUST SPEED    17   HIGHEST GUST DIRECTION     S (160)


SKY COVER
  POSSIBLE SUNSHINE  MM
  AVERAGE SKY COVER 0.0


WEATHER CONDITIONS
 THE FOLLOWING WEATHER WAS RECORDED TODAY.
  NO SIGNIFICANT WEATHER WAS OBSERVED.


RELATIVE HUMIDITY (PERCENT)
 HIGHEST    77
 LOWEST     15
 AVERAGE    46

..........................................................


THE REDDING AIRPORT CA CLIMATE NORMALS FOR TOMORROW
                         NORMAL    RECORD    YEAR
 MAXIMUM TEMPERATURE (F)   77       104      1987
 MINIMUM TEMPERATURE (F)   51        42      1995


SUNRISE AND SUNSET
MAY  5 2015...........SUNRISE   604 AM PDT   SUNSET   809 PM PDT
MAY  6 2015...........SUNRISE   602 AM PDT   SUNSET   810 PM PDT


-  INDICATES NEGATIVE NUMBERS.
R  INDICATES RECORD WAS SET OR TIED.
MM INDICATES DATA IS MISSING.
T  INDICATES TRACE AMOUNT.






&&
....................................................................

REDDING CITY CLIMATE DATA FOR MAY 05

CLIMATE RECORD PERIOD 1897-1986

RECORD HIGH..............     97 IN 1913
RECORD LOW...............     38 IN 1950

RECORD RAINFALL..........   1.45 IN 1900

$$

NNNN
