000
CDUS42 KRAH 242056
CLIRDU


CLIMATE REPORT
NATIONAL WEATHER SERVICE RALEIGH NC
454 PM EDT FRI APR 24 2015


...................................

...THE RALEIGH-DURHAM INTL AIRPORT NC CLIMATE SUMMARY FOR APRIL 24 2015...
VALID TODAY AS OF 0400 PM LOCAL TIME.

CLIMATE NORMAL PERIOD 1981 TO 2010
CLIMATE RECORD PERIOD 1887 TO 2015


WEATHER ITEM   OBSERVED TIME   RECORD YEAR NORMAL DEPARTURE LAST
                VALUE   (LST)  VALUE       VALUE  FROM      YEAR
                                                  NORMAL
..................................................................
TEMPERATURE (F)
 TODAY
  MAXIMUM         67    345 PM  93    1960  75     -8       71
                                      1925
  MINIMUM         38    537 AM  31    1986  50    -12       40
  AVERAGE         53                        62     -9       56

PRECIPITATION (IN)
  TODAY            0.00          1.55 1944   0.09  -0.09     0.00
  MONTH TO DATE    3.91                      2.39   1.52     3.59
  SINCE MAR 1      7.19                      6.50   0.69     8.65
  SINCE JAN 1     13.45                     13.23   0.22    13.61

SNOWFALL (IN)
  TODAY            0.0           T    1955   0.0    0.0      0.0
  MONTH TO DATE    0.0                       0.1   -0.1      0.0
  SINCE MAR 1      0.0                       0.6   -0.6      0.2
  SINCE JUL 1      7.9                       6.1    1.8      5.8
  SNOW DEPTH       0

DEGREE DAYS
 HEATING
  TODAY           12                         5      7        9
  MONTH TO DATE   86                       167    -81      156
  SINCE MAR 1    505                       591    -86      739
  SINCE JUL 1   3402                      3163    239     3440

 COOLING
  TODAY            0                         2     -2        0
  MONTH TO DATE   52                        35     17       22
  SINCE MAR 1     56                        46     10       22
  SINCE JAN 1     56                        47      9       22
..................................................................


WIND (MPH)
  HIGHEST WIND SPEED    15   HIGHEST WIND DIRECTION     W (260)
  HIGHEST GUST SPEED    21   HIGHEST GUST DIRECTION    NW (330)
  AVERAGE WIND SPEED     4.4


SKY COVER
  POSSIBLE SUNSHINE  MM
  AVERAGE SKY COVER 0.3


WEATHER CONDITIONS
 THE FOLLOWING WEATHER WAS RECORDED TODAY.
  NO SIGNIFICANT WEATHER WAS OBSERVED.


RELATIVE HUMIDITY (PERCENT)
 HIGHEST    64           500 AM
 LOWEST     22          1200 AM
 AVERAGE    43

..........................................................


THE RALEIGH-DURHAM INTL AIRPORT NC CLIMATE NORMALS FOR TOMORROW
                         NORMAL    RECORD    YEAR
 MAXIMUM TEMPERATURE (F)   75        93      1925
 MINIMUM TEMPERATURE (F)   51        29      1969


SUNRISE AND SUNSET
APRIL 24 2015.........SUNRISE   631 AM EDT   SUNSET   756 PM EDT
APRIL 25 2015.........SUNRISE   630 AM EDT   SUNSET   757 PM EDT


-  INDICATES NEGATIVE NUMBERS.
R  INDICATES RECORD WAS SET OR TIED.
MM INDICATES DATA IS MISSING.
T  INDICATES TRACE AMOUNT.

&&

CLIMATE REPORT NWS FORECAST OFFICE
NCSU CENTENNIAL CAMPUS
RALEIGH, NC

MAXIMUM TEMPERATURE...68

MINIMUM TEMPERATURE...43

PRECIPITATION...0.00

$$
