000
CDUS45 KRIW 020734
CLIRIW


CLIMATE REPORT
NATIONAL WEATHER SERVICE RIVERTON WY
134 AM MDT THU APR 2 2015


...................................

...THE RIVERTON WY CLIMATE SUMMARY FOR APRIL 1 2015...

CLIMATE NORMAL PERIOD 1981 TO 2010
CLIMATE RECORD PERIOD 1995 TO 2015


WEATHER ITEM   OBSERVED TIME   RECORD YEAR NORMAL DEPARTURE LAST
                VALUE   (LST)  VALUE       VALUE  FROM      YEAR
                                                  NORMAL
..................................................................
TEMPERATURE (F)
 YESTERDAY
  MAXIMUM         54    111 AM  72    2004  53      1       47
  MINIMUM         32   1125 PM  10    2008  28      4       22
  AVERAGE         43                        40      3       35

PRECIPITATION (IN)
  YESTERDAY        0.00          0.32 2010   0.03  -0.03     0.01
  MONTH TO DATE    0.00                      0.03  -0.03     0.01
  SINCE MAR 1      0.41                      0.58  -0.17     0.51
  SINCE JAN 1      1.48                      1.09   0.39     1.41

SNOWFALL (IN)
  YESTERDAY        0.0                                       0.0
  MONTH TO DATE    0.0                                       0.0
  SINCE MAR 1      6.7                                       3.4
  SINCE JUL 1     35.3                                      52.6
  SNOW DEPTH       0

DEGREE DAYS
 HEATING
  YESTERDAY       22                        25     -3       30
  MONTH TO DATE   22                        25     -3       30
  SINCE MAR 1    807                       943   -136      946
  SINCE JUL 1   6200                      6797   -597     6827

 COOLING
  YESTERDAY        0                         0      0        0
  MONTH TO DATE    0                         0      0        0
  SINCE MAR 1      0                         0      0        0
  SINCE JAN 1      0                         0      0        0
..................................................................


WIND (MPH)
  HIGHEST WIND SPEED    36   HIGHEST WIND DIRECTION    NW (310)
  HIGHEST GUST SPEED    47   HIGHEST GUST DIRECTION    NW (320)
  AVERAGE WIND SPEED    18.9


SKY COVER
  POSSIBLE SUNSHINE  MM
  AVERAGE SKY COVER 0.0


WEATHER CONDITIONS
 THE FOLLOWING WEATHER WAS RECORDED YESTERDAY.
  NO SIGNIFICANT WEATHER WAS OBSERVED.


RELATIVE HUMIDITY (PERCENT)
 HIGHEST    46           300 AM
 LOWEST     16           900 AM
 AVERAGE    31

..........................................................


THE RIVERTON WY CLIMATE NORMALS FOR TODAY
                         NORMAL    RECORD    YEAR
 MAXIMUM TEMPERATURE (F)   53        72      2011
 MINIMUM TEMPERATURE (F)   28        15      2008


SUNRISE AND SUNSET
APRIL  2 2015.........SUNRISE   654 AM MDT   SUNSET   741 PM MDT
APRIL  3 2015.........SUNRISE   653 AM MDT   SUNSET   742 PM MDT


-  INDICATES NEGATIVE NUMBERS.
R  INDICATES RECORD WAS SET OR TIED.
MM INDICATES DATA IS MISSING.
T  INDICATES TRACE AMOUNT.




$$
