000
CDUS45 KABQ 270828
CLIROW


CLIMATE REPORT
NATIONAL WEATHER SERVICE ALBUQUERQUE NM
227 AM MDT MON APR 27 2015


...................................

...THE ROSWELL NM CLIMATE SUMMARY FOR APRIL 26 2015...

CLIMATE NORMAL PERIOD 1981 TO 2010
CLIMATE RECORD PERIOD 1893 TO 2015


WEATHER ITEM   OBSERVED TIME   RECORD YEAR NORMAL DEPARTURE
                VALUE   (LST)  VALUE       VALUE  FROM
                                                  NORMAL
...............................................................
TEMPERATURE (F)
 YESTERDAY
  MAXIMUM         73   1243 PM  98    2012  80     -7
  MINIMUM         46   1215 AM  33    1961  48     -2
                                      1960
                                      1921
  AVERAGE         60                        64     -4

PRECIPITATION (IN)
  YESTERDAY        T             1.76 1941   0.03  -0.03
  MONTH TO DATE    1.72                      0.50   1.22
  SINCE MAR 1      2.01                      1.01   1.00
  SINCE JAN 1      3.92                      1.81   2.11

SNOWFALL (IN)
  YESTERDAY       MM
  MONTH TO DATE    0.0
  SINCE MAR 1      T
  SINCE JUL 1     16.2

DEGREE DAYS
 HEATING
  YESTERDAY        5                         3      2
  MONTH TO DATE  102                       152    -50
  SINCE MAR 1    460                       539    -79
  SINCE JUL 1   3177                      3246    -69

 COOLING
  YESTERDAY        0                         2     -2
  MONTH TO DATE   13                        27    -14
  SINCE MAR 1     16                        30    -14
  SINCE JAN 1     16                        30    -14
...............................................................


WIND (MPH)
  HIGHEST WIND SPEED    37   HIGHEST WIND DIRECTION    SW (210)
  HIGHEST GUST SPEED    47   HIGHEST GUST DIRECTION    SW (210)
  AVERAGE WIND SPEED    14.1


SKY COVER
  AVERAGE SKY COVER 0.3


WEATHER CONDITIONS
 THE FOLLOWING WEATHER WAS RECORDED YESTERDAY.
  THUNDERSTORM


RELATIVE HUMIDITY (PERCENT)
 HIGHEST    61           700 PM
 LOWEST     16          1000 AM
 AVERAGE    39

..........................................................


THE ROSWELL NM CLIMATE NORMALS FOR TODAY
                         NORMAL    RECORD    YEAR
 MAXIMUM TEMPERATURE (F)   80        98      1996
 MINIMUM TEMPERATURE (F)   49        31      1920


SUNRISE AND SUNSET
APRIL 27 2015.........SUNRISE   614 AM MDT   SUNSET   738 PM MDT
APRIL 28 2015.........SUNRISE   613 AM MDT   SUNSET   738 PM MDT


-  INDICATES NEGATIVE NUMBERS.
R  INDICATES RECORD WAS SET OR TIED.
MM INDICATES DATA IS MISSING.
T  INDICATES TRACE AMOUNT.




$$
