000
CDUS42 KCHS 010532
CLISAV


CLIMATE REPORT
NATIONAL WEATHER SERVICE CHARLESTON SC
131 AM EDT WED APR 1 2015


...................................

...THE SAVANNAH GA CLIMATE SUMMARY FOR MARCH 31 2015...

CLIMATE NORMAL PERIOD 1981 TO 2010
CLIMATE RECORD PERIOD 1871 TO 2015


WEATHER ITEM   OBSERVED TIME   RECORD YEAR NORMAL DEPARTURE LAST
                VALUE   (LST)  VALUE       VALUE  FROM      YEAR
                                                  NORMAL
..................................................................
TEMPERATURE (F)
 YESTERDAY
  MAXIMUM         82    236 PM  90    1954  74      8       80
  MINIMUM         48    556 AM  29    1964  51     -3       40
  AVERAGE         65                        62      3       60

PRECIPITATION (IN)
  YESTERDAY        0.03          2.20 1926   0.13  -0.10     0.00
  MONTH TO DATE    2.02                      3.73  -1.71     2.65
  SINCE MAR 1      2.02                      3.73  -1.71     2.65
  SINCE JAN 1      9.58                     10.21  -0.63     6.76

SNOWFALL (IN)
  YESTERDAY       MM                         0.0   MM
  SINCE MAR 1      0.0                       T      0.0
  SINCE JUL 1      0.0                       0.3   -0.3

DEGREE DAYS
 HEATING
  YESTERDAY        0                         4     -4        5
  MONTH TO DATE  144                       209    -65      264
  SINCE MAR 1    144                       210    -66      264
  SINCE JUL 1   1679                      1727    -48     1645

 COOLING
  YESTERDAY        0                         2     -2        0
  MONTH TO DATE   58                        32     26       12
  SINCE MAR 1     58                        32     26       12
  SINCE JAN 1     63                        42     21       30
..................................................................


WIND (MPH)
  HIGHEST WIND SPEED    25   HIGHEST WIND DIRECTION     W (280)
  HIGHEST GUST SPEED    33   HIGHEST GUST DIRECTION     W (270)
  AVERAGE WIND SPEED     6.4


SKY COVER
  POSSIBLE SUNSHINE  MM
  AVERAGE SKY COVER 0.6


WEATHER CONDITIONS
 THE FOLLOWING WEATHER WAS RECORDED YESTERDAY.
  LIGHT RAIN
  FOG
  FOG W/VISIBILITY <= 1/4 MILE


RELATIVE HUMIDITY (PERCENT)
 HIGHEST   100           700 AM
 LOWEST     32           100 PM
 AVERAGE    66

..........................................................


THE SAVANNAH GA CLIMATE NORMALS FOR TODAY
                         NORMAL    RECORD    YEAR
 MAXIMUM TEMPERATURE (F)   74        90      1974
                                             1896
 MINIMUM TEMPERATURE (F)   51        32      1987


SUNRISE AND SUNSET
APRIL  1 2015.........SUNRISE   713 AM EDT   SUNSET   744 PM EDT
APRIL  2 2015.........SUNRISE   712 AM EDT   SUNSET   745 PM EDT


-  INDICATES NEGATIVE NUMBERS.
R  INDICATES RECORD WAS SET OR TIED.
MM INDICATES DATA IS MISSING.
T  INDICATES TRACE AMOUNT.

$$
