000
CDUS42 KCHS 250525
CLISAV


CLIMATE REPORT
NATIONAL WEATHER SERVICE CHARLESTON SC
125 AM EDT SAT APR 25 2015


...................................

...THE SAVANNAH GA CLIMATE SUMMARY FOR APRIL 24 2015...

CLIMATE NORMAL PERIOD 1981 TO 2010
CLIMATE RECORD PERIOD 1871 TO 2015


WEATHER ITEM   OBSERVED TIME   RECORD YEAR NORMAL DEPARTURE LAST
                VALUE   (LST)  VALUE       VALUE  FROM      YEAR
                                                  NORMAL
..................................................................
TEMPERATURE (F)
 YESTERDAY
  MAXIMUM         75    250 PM  94    1958  80     -5       82
  MINIMUM         58    626 AM  38    1986  56      2       54
  AVERAGE         67                        68     -1       68

PRECIPITATION (IN)
  YESTERDAY        0.00          1.55 1941   0.09  -0.09     0.00
  MONTH TO DATE    2.44                      2.54  -0.10     5.46
  SINCE MAR 1      4.46                      6.27  -1.81     8.11
  SINCE JAN 1     12.02                     12.75  -0.73    12.22

SNOWFALL (IN)
  YESTERDAY        0.0                       0.0    0.0
  SINCE MAR 1      0.0                       T      0.0
  SINCE JUL 1      0.0                       0.3   -0.3

DEGREE DAYS
 HEATING
  YESTERDAY        0                         2     -2        0
  MONTH TO DATE    7                        70    -63       37
  SINCE MAR 1    151                       280   -129      301
  SINCE JUL 1   1686                      1797   -111     1682

 COOLING
  YESTERDAY        2                         4     -2        3
  MONTH TO DATE  157                        67     90       73
  SINCE MAR 1    215                        99    116       85
  SINCE JAN 1    220                       109    111      103
..................................................................


WIND (MPH)
  HIGHEST WIND SPEED    17   HIGHEST WIND DIRECTION    NE (50)
  HIGHEST GUST SPEED    21   HIGHEST GUST DIRECTION    NE (50)
  AVERAGE WIND SPEED     8.3


SKY COVER
  POSSIBLE SUNSHINE  MM
  AVERAGE SKY COVER 0.4


WEATHER CONDITIONS
 THE FOLLOWING WEATHER WAS RECORDED YESTERDAY.
  NO SIGNIFICANT WEATHER WAS OBSERVED.


RELATIVE HUMIDITY (PERCENT)
 HIGHEST    59          1200 AM
 LOWEST     23          1100 AM
 AVERAGE    41

..........................................................


THE SAVANNAH GA CLIMATE NORMALS FOR TODAY
                         NORMAL    RECORD    YEAR
 MAXIMUM TEMPERATURE (F)   80        94      1958
 MINIMUM TEMPERATURE (F)   56        39      2005


SUNRISE AND SUNSET
APRIL 25 2015.........SUNRISE   645 AM EDT   SUNSET   801 PM EDT
APRIL 26 2015.........SUNRISE   644 AM EDT   SUNSET   802 PM EDT


-  INDICATES NEGATIVE NUMBERS.
R  INDICATES RECORD WAS SET OR TIED.
MM INDICATES DATA IS MISSING.
T  INDICATES TRACE AMOUNT.




$$
