000
CDUS43 KSGF 042225
CLISGF


CLIMATE REPORT
NATIONAL WEATHER SERVICE SPRINGFIELD MO
525 PM CDT MON MAY 4 2015


...................................

...THE SPRINGFIELD MO CLIMATE SUMMARY FOR MAY 4 2015...
VALID TODAY AS OF 0500 PM LOCAL TIME.

CLIMATE NORMAL PERIOD 1981 TO 2010
CLIMATE RECORD PERIOD 1888 TO 2015


WEATHER ITEM   OBSERVED TIME   RECORD YEAR NORMAL DEPARTURE LAST
                VALUE   (LST)  VALUE       VALUE  FROM      YEAR
                                                  NORMAL
..................................................................
TEMPERATURE (F)
 TODAY
  MAXIMUM         83    344 PM  91    2014  72     11       91
  MINIMUM         61    127 AM  31    1907  51     10       52
  AVERAGE         72                        61     11       72

PRECIPITATION (IN)
  TODAY            T             2.45 1999   0.18  -0.18     0.00
  MONTH TO DATE    T                         0.71  -0.71     0.00
  SINCE MAR 1      6.57                      8.65  -2.08     4.41
  SINCE JAN 1      9.17                     13.64  -4.47     6.20

SNOWFALL (IN)
  TODAY            0.0
  MONTH TO DATE    0.0
  SINCE MAR 1      1.2
  SINCE JUL 1     15.8
  SNOW DEPTH       0

DEGREE DAYS
 HEATING
  TODAY            0                         5     -5        0
  MONTH TO DATE    8                        21    -13       35
  SINCE MAR 1    773                       902   -129      988
  SINCE JUL 1   4480                      4495    -15     4943

 COOLING
  TODAY            7                         1      6        7
  MONTH TO DATE   11                         4      7        7
  SINCE MAR 1     33                        29      4       21
  SINCE JAN 1     33                        29      4       21
..................................................................


WIND (MPH)
  HIGHEST WIND SPEED    18   HIGHEST WIND DIRECTION    SW (220)
  HIGHEST GUST SPEED    23   HIGHEST GUST DIRECTION    SW (210)


SKY COVER
  AVERAGE SKY COVER 0.1


WEATHER CONDITIONS
 THE FOLLOWING WEATHER WAS RECORDED TODAY.
  LIGHT RAIN


RELATIVE HUMIDITY (PERCENT)
 HIGHEST    78          1200 AM
 LOWEST     45           400 PM
 AVERAGE    62

..........................................................


THE SPRINGFIELD MO CLIMATE NORMALS FOR TOMORROW
                         NORMAL    RECORD    YEAR
 MAXIMUM TEMPERATURE (F)   73        91      2014
 MINIMUM TEMPERATURE (F)   51        33      1979


SUNRISE AND SUNSET
MAY  4 2015...........SUNRISE   616 AM CDT   SUNSET   805 PM CDT
MAY  5 2015...........SUNRISE   615 AM CDT   SUNSET   806 PM CDT


-  INDICATES NEGATIVE NUMBERS.
R  INDICATES RECORD WAS SET OR TIED.
MM INDICATES DATA IS MISSING.
T  INDICATES TRACE AMOUNT.




$$
