000
CDUS44 KSHV 070733
CLISHV


CLIMATE REPORT
NATIONAL WEATHER SERVICE SHREVEPORT, LA
233 AM CDT THU MAY 7 2015


...................................

...THE SHREVEPORT CLIMATE SUMMARY FOR MAY 6 2015...

CLIMATE NORMAL PERIOD 1981 TO 2010
CLIMATE RECORD PERIOD 1874 TO 2015


WEATHER ITEM   OBSERVED TIME   RECORD YEAR NORMAL DEPARTURE LAST
                VALUE   (LST)  VALUE       VALUE  FROM      YEAR
                                                  NORMAL
..................................................................
TEMPERATURE (F)
 YESTERDAY
  MAXIMUM         85    339 PM  96    1875  82      3       85
  MINIMUM         63    548 AM  47    1957  60      3       58
  AVERAGE         74                        71      3       72

PRECIPITATION (IN)
  YESTERDAY        0.02          4.65 1978   0.17  -0.15     0.00
  MONTH TO DATE    0.02                      0.99  -0.97     0.00
  SINCE DEC 1     28.97                     23.04   5.93    16.53
  SINCE JAN 1     25.22                     18.27   6.95    11.55

SNOWFALL (IN)
  YESTERDAY        0.0
  MONTH TO DATE    0.0
  SINCE MAR 1      0.4
  SINCE JUL 1      4.5
  SNOW DEPTH       0

DEGREE DAYS
 HEATING
  YESTERDAY        0                         0      0        0
  MONTH TO DATE    0                         5     -5        9
  SINCE MAR 1    291                       342    -51      441
  SINCE JUL 1   2291                      2224     67     2552

 COOLING
  YESTERDAY        9                         6      3        7
  MONTH TO DATE   38                        34      4       24
  SINCE MAR 1    205                       159     46      139
  SINCE JAN 1    205                       169     36      145
..................................................................


WIND (MPH)
  HIGHEST WIND SPEED    16   HIGHEST WIND DIRECTION    SE (150)
  HIGHEST GUST SPEED    23   HIGHEST GUST DIRECTION    SE (150)
  AVERAGE WIND SPEED     8.2


SKY COVER
  POSSIBLE SUNSHINE  MM
  AVERAGE SKY COVER 0.6


WEATHER CONDITIONS
 THE FOLLOWING WEATHER WAS RECORDED YESTERDAY.
  NO SIGNIFICANT WEATHER WAS OBSERVED.


RELATIVE HUMIDITY (PERCENT)
 HIGHEST    93           400 AM
 LOWEST     48           200 PM
 AVERAGE    71

..........................................................


THE SHREVEPORT CLIMATE NORMALS FOR TODAY
                         NORMAL    RECORD    YEAR
 MAXIMUM TEMPERATURE (F)   82        94      1875
 MINIMUM TEMPERATURE (F)   60        44      1992


SUNRISE AND SUNSET
MAY  7 2015...........SUNRISE   623 AM CDT   SUNSET   801 PM CDT
MAY  8 2015...........SUNRISE   622 AM CDT   SUNSET   801 PM CDT


-  INDICATES NEGATIVE NUMBERS.
R  INDICATES RECORD WAS SET OR TIED.
MM INDICATES DATA IS MISSING.
T  INDICATES TRACE AMOUNT.




$$
