000
CDUS44 KSHV 011245
CLISHV


CLIMATE REPORT
NATIONAL WEATHER SERVICE SHREVEPORT, LA
745 AM CDT WED APR 1 2015


...................................

...THE SHREVEPORT CLIMATE SUMMARY FOR MARCH 31 2015...

CLIMATE NORMAL PERIOD 1981 TO 2010
CLIMATE RECORD PERIOD 1874 TO 2015


WEATHER ITEM   OBSERVED TIME   RECORD YEAR NORMAL DEPARTURE LAST
                VALUE   (LST)  VALUE       VALUE  FROM      YEAR
                                                  NORMAL
..................................................................
TEMPERATURE (F)
 YESTERDAY
  MAXIMUM         82        MM  92    1974  74      8       78
  MINIMUM         63        MM  24    1987  49     14       48
  AVERAGE         73                        62     11       63

PRECIPITATION (IN)
  YESTERDAY        0.00          2.67 1914   0.15  -0.15      T
  MONTH TO DATE    8.02                      4.14   3.88     4.02
  SINCE DEC 1     23.50                     17.86   5.64    12.44
  SINCE JAN 1     19.75                     13.09   6.66     7.46

SNOWFALL (IN)
  YESTERDAY        0.0
  MONTH TO DATE    0.4
  SINCE MAR 1      0.4
  SINCE JUL 1      4.5
  SNOW DEPTH       0

DEGREE DAYS
 HEATING
  YESTERDAY        0                         5     -5        2
  MONTH TO DATE  254                       250      4      322
  SINCE MAR 1    254                       251      3      322
  SINCE JUL 1   2254                      2133    121     2433

 COOLING
  YESTERDAY        8                         2      6        0
  MONTH TO DATE   26                        31     -5       13
  SINCE MAR 1     26                        31     -5       13
  SINCE JAN 1     26                        41    -15       19
..................................................................


WIND (MPH)
  HIGHEST WIND SPEED    14   HIGHEST WIND DIRECTION    SW (230)
  HIGHEST GUST SPEED    21   HIGHEST GUST DIRECTION    SW (240)
  AVERAGE WIND SPEED     7.9


SKY COVER
  POSSIBLE SUNSHINE  MM
  AVERAGE SKY COVER 0.7


WEATHER CONDITIONS
 THE FOLLOWING WEATHER WAS RECORDED YESTERDAY.
  NO SIGNIFICANT WEATHER WAS OBSERVED.


RELATIVE HUMIDITY (PERCENT)
 HIGHEST    93          1200 AM
 LOWEST     51           500 PM
 AVERAGE    72

..........................................................


THE SHREVEPORT CLIMATE NORMALS FOR TODAY
                         NORMAL    RECORD    YEAR
 MAXIMUM TEMPERATURE (F)   74        88      1882
 MINIMUM TEMPERATURE (F)   50        35      2009
                                             1987


SUNRISE AND SUNSET
APRIL  1 2015.........SUNRISE   704 AM CDT   SUNSET   735 PM CDT
APRIL  2 2015.........SUNRISE   702 AM CDT   SUNSET   736 PM CDT


-  INDICATES NEGATIVE NUMBERS.
R  INDICATES RECORD WAS SET OR TIED.
MM INDICATES DATA IS MISSING.
T  INDICATES TRACE AMOUNT.




$$
